Last updated on 2021-04-19 02:46:51 CEST.
Flavor | Version | Tinstall | Tcheck | Ttotal | Status | Flags |
---|---|---|---|---|---|---|
r-devel-linux-x86_64-debian-clang | 0.9 | 6.13 | 43.20 | 49.33 | NOTE | |
r-devel-linux-x86_64-debian-gcc | 0.9 | 4.37 | 33.32 | 37.69 | NOTE | |
r-devel-linux-x86_64-fedora-clang | 0.9 | 68.18 | NOTE | |||
r-devel-linux-x86_64-fedora-gcc | 0.9 | 63.85 | NOTE | |||
r-devel-windows-ix86+x86_64 | 0.9 | 11.00 | 46.00 | 57.00 | NOTE | |
r-devel-windows-x86_64-gcc10-UCRT | 0.9 | NOTE | ||||
r-patched-linux-x86_64 | 0.9 | 5.47 | 40.98 | 46.45 | OK | |
r-patched-solaris-x86 | 0.9 | 84.80 | OK | |||
r-release-linux-x86_64 | 0.9 | 5.40 | 41.41 | 46.81 | OK | |
r-release-macos-x86_64 | 0.9 | OK | ||||
r-release-windows-ix86+x86_64 | 0.9 | 9.00 | 52.00 | 61.00 | OK | |
r-oldrel-macos-x86_64 | 0.9 | OK | ||||
r-oldrel-windows-ix86+x86_64 | 0.9 | 6.00 | 55.00 | 61.00 | OK |
Version: 0.9
Check: LazyData
Result: NOTE
'LazyData' is specified without a 'data' directory
Flavors: r-devel-linux-x86_64-debian-clang, r-devel-linux-x86_64-debian-gcc, r-devel-linux-x86_64-fedora-clang, r-devel-linux-x86_64-fedora-gcc, r-devel-windows-ix86+x86_64, r-devel-windows-x86_64-gcc10-UCRT