CRAN Package Check Results for Package LongituRF

Last updated on 2022-07-02 01:48:59 CEST.

Flavor Version Tinstall Tcheck Ttotal Status Flags
r-devel-linux-x86_64-debian-clang 0.9 4.34 45.75 50.09 NOTE
r-devel-linux-x86_64-debian-gcc 0.9 4.34 33.66 38.00 NOTE
r-devel-linux-x86_64-fedora-clang 0.9 73.66 NOTE
r-devel-linux-x86_64-fedora-gcc 0.9 71.13 NOTE
r-devel-windows-x86_64 0.9 27.00 73.00 100.00 NOTE
r-patched-linux-x86_64 0.9 6.37 43.43 49.80 NOTE
r-release-linux-x86_64 0.9 4.20 44.59 48.79 NOTE
r-release-macos-arm64 0.9 22.00 NOTE
r-release-macos-x86_64 0.9 29.00 NOTE
r-release-windows-x86_64 0.9 24.00 71.00 95.00 NOTE
r-oldrel-macos-arm64 0.9 30.00 NOTE
r-oldrel-macos-x86_64 0.9 39.00 NOTE
r-oldrel-windows-ix86+x86_64 0.9 11.00 69.00 80.00 NOTE

Check Details

Version: 0.9
Check: LazyData
Result: NOTE
     'LazyData' is specified without a 'data' directory
Flavors: r-devel-linux-x86_64-debian-clang, r-devel-linux-x86_64-debian-gcc, r-devel-linux-x86_64-fedora-clang, r-devel-linux-x86_64-fedora-gcc, r-devel-windows-x86_64, r-patched-linux-x86_64, r-release-linux-x86_64, r-release-macos-arm64, r-release-macos-x86_64, r-release-windows-x86_64, r-oldrel-macos-arm64, r-oldrel-macos-x86_64, r-oldrel-windows-ix86+x86_64