CRAN Package Check Results for Package Luminescence

Last updated on 2020-06-05 01:50:07 CEST.

Flavor Version Tinstall Tcheck Ttotal Status Flags
r-devel-linux-x86_64-debian-clang 0.9.7 100.35 343.25 443.60 OK
r-devel-linux-x86_64-debian-gcc 0.9.7 79.86 255.45 335.31 OK
r-devel-linux-x86_64-fedora-clang 0.9.7 544.35 NOTE
r-devel-linux-x86_64-fedora-gcc 0.9.7 525.64 OK
r-devel-windows-ix86+x86_64 0.9.7 235.00 493.00 728.00 NOTE
r-patched-linux-x86_64 0.9.7 93.26 341.30 434.56 OK
r-patched-solaris-x86 0.9.7 605.90 NOTE
r-release-linux-x86_64 0.9.7 87.53 339.09 426.62 OK
r-release-osx-x86_64 0.9.7 NOTE
r-release-windows-ix86+x86_64 0.9.7 177.00 572.00 749.00 NOTE
r-oldrel-osx-x86_64 0.9.7 NOTE
r-oldrel-windows-ix86+x86_64 0.9.7 209.00 617.00 826.00 NOTE

Check Details

Version: 0.9.7
Check: installed package size
Result: NOTE
     installed size is 6.3Mb
     sub-directories of 1Mb or more:
     R 1.6Mb
     help 1.1Mb
     libs 2.0Mb
Flavors: r-devel-linux-x86_64-fedora-clang, r-devel-windows-ix86+x86_64, r-patched-solaris-x86, r-release-osx-x86_64, r-release-windows-ix86+x86_64, r-oldrel-osx-x86_64, r-oldrel-windows-ix86+x86_64