CRAN Package Check Results for Package MADPop

Last updated on 2020-07-13 01:48:51 CEST.

Flavor Version Tinstall Tcheck Ttotal Status Flags
r-devel-linux-x86_64-debian-clang 1.1.2 116.92 190.67 307.59 NOTE
r-devel-linux-x86_64-debian-gcc 1.1.2 106.31 141.17 247.48 NOTE
r-devel-linux-x86_64-fedora-clang 1.1.2 386.15 NOTE
r-devel-linux-x86_64-fedora-gcc 1.1.2 WARN
r-devel-windows-ix86+x86_64 1.1.2 206.00 285.00 491.00 NOTE
r-patched-linux-x86_64 1.1.2 92.36 187.57 279.93 NOTE
r-patched-solaris-x86 1.1.2 447.80 NOTE
r-release-linux-x86_64 1.1.2 92.34 191.53 283.87 NOTE
r-release-macos-x86_64 1.1.2 NOTE
r-release-windows-ix86+x86_64 1.1.2 287.00 367.00 654.00 NOTE
r-oldrel-macos-x86_64 1.1.2 NOTE
r-oldrel-windows-ix86+x86_64 1.1.2 267.00 245.00 512.00 NOTE

Check Details

Version: 1.1.2
Check: for GNU extensions in Makefiles
Result: NOTE
    GNU make is a SystemRequirements.
Flavors: r-devel-linux-x86_64-debian-clang, r-devel-linux-x86_64-debian-gcc, r-devel-linux-x86_64-fedora-clang, r-devel-linux-x86_64-fedora-gcc, r-devel-windows-ix86+x86_64, r-patched-linux-x86_64, r-patched-solaris-x86, r-release-linux-x86_64, r-release-macos-x86_64, r-release-windows-ix86+x86_64, r-oldrel-macos-x86_64, r-oldrel-windows-ix86+x86_64

Version: 1.1.2
Check: installed package size
Result: NOTE
     installed size is 31.8Mb
     sub-directories of 1Mb or more:
     libs 31.3Mb
Flavors: r-devel-linux-x86_64-fedora-clang, r-release-macos-x86_64, r-oldrel-macos-x86_64

Version: 1.1.2
Check: re-building of vignette outputs
Result: WARN
    Error(s) in re-building vignettes:
    --- re-building ‘MADPop-quicktut.Rmd’ using rmarkdown
Flavor: r-devel-linux-x86_64-fedora-gcc