CRAN Package Check Results for Package MADPop

Last updated on 2019-12-05 00:51:59 CET.

Flavor Version Tinstall Tcheck Ttotal Status Flags
r-devel-linux-x86_64-debian-clang 1.1.2 99.55 153.23 252.78 NOTE
r-devel-linux-x86_64-debian-gcc 1.1.2 98.78 114.44 213.22 NOTE
r-devel-linux-x86_64-fedora-clang 1.1.2 329.83 NOTE
r-devel-linux-x86_64-fedora-gcc 1.1.2 340.17 NOTE
r-devel-windows-ix86+x86_64 1.1.2 187.00 205.00 392.00 NOTE
r-devel-windows-ix86+x86_64-gcc8 1.1.2 206.00 221.00 427.00 NOTE
r-patched-linux-x86_64 1.1.2 99.45 139.93 239.38 NOTE
r-patched-solaris-x86 1.1.2 409.80 NOTE
r-release-linux-x86_64 1.1.2 98.49 142.46 240.95 NOTE
r-release-windows-ix86+x86_64 1.1.2 191.00 192.00 383.00 NOTE
r-release-osx-x86_64 1.1.2 NOTE
r-oldrel-windows-ix86+x86_64 1.1.2 181.00 237.00 418.00 NOTE
r-oldrel-osx-x86_64 1.1.2 NOTE

Check Details

Version: 1.1.2
Check: for GNU extensions in Makefiles
Result: NOTE
    GNU make is a SystemRequirements.
Flavors: r-devel-linux-x86_64-debian-clang, r-devel-linux-x86_64-debian-gcc, r-devel-linux-x86_64-fedora-clang, r-devel-linux-x86_64-fedora-gcc, r-devel-windows-ix86+x86_64, r-devel-windows-ix86+x86_64-gcc8, r-patched-linux-x86_64, r-patched-solaris-x86, r-release-linux-x86_64, r-release-windows-ix86+x86_64, r-release-osx-x86_64, r-oldrel-windows-ix86+x86_64, r-oldrel-osx-x86_64

Version: 1.1.2
Check: installed package size
Result: NOTE
     installed size is 24.9Mb
     sub-directories of 1Mb or more:
     libs 24.6Mb
Flavors: r-devel-linux-x86_64-fedora-clang, r-release-osx-x86_64, r-oldrel-osx-x86_64