Last updated on 2023-09-25 07:02:07 CEST.
Flavor | Version | Tinstall | Tcheck | Ttotal | Status | Flags |
---|---|---|---|---|---|---|
r-devel-linux-x86_64-debian-clang | 1.3.0 | 82.88 | 383.45 | 466.33 | OK | |
r-devel-linux-x86_64-debian-gcc | 1.3.0 | 60.86 | 291.68 | 352.54 | OK | |
r-devel-linux-x86_64-fedora-clang | 1.3.0 | 3.70 | ERROR | |||
r-devel-linux-x86_64-fedora-gcc | 1.3.0 | 660.25 | OK | |||
r-devel-windows-x86_64 | 1.3.0 | 93.00 | 293.00 | 386.00 | NOTE | |
r-patched-linux-x86_64 | 1.3.0 | 76.07 | 359.55 | 435.62 | OK | |
r-release-linux-x86_64 | 1.3.0 | 72.36 | 360.20 | 432.56 | OK | |
r-release-macos-arm64 | 1.3.0 | 173.00 | NOTE | |||
r-release-macos-x86_64 | 1.3.0 | 8.00 | ERROR | |||
r-release-windows-x86_64 | 1.3.0 | 122.00 | 374.00 | 496.00 | NOTE | |
r-oldrel-macos-arm64 | 1.3.0 | 9.00 | ERROR | |||
r-oldrel-macos-x86_64 | 1.3.0 | 198.00 | NOTE | |||
r-oldrel-windows-x86_64 | 1.3.0 | 106.00 | 363.00 | 469.00 | NOTE |
Version: 1.3.0
Check: package dependencies
Result: ERROR
Package required but not available: ‘SeqArray’
See section ‘The DESCRIPTION file’ in the ‘Writing R Extensions’
manual.
Flavor: r-devel-linux-x86_64-fedora-clang
Version: 1.3.0
Check: package dependencies
Result: NOTE
Package suggested but not available for checking: 'doMC'
Flavors: r-devel-windows-x86_64, r-release-windows-x86_64, r-oldrel-windows-x86_64
Version: 1.3.0
Check: installed package size
Result: NOTE
installed size is 7.0Mb
sub-directories of 1Mb or more:
libs 5.2Mb
Flavors: r-release-macos-arm64, r-oldrel-macos-x86_64
Version: 1.3.0
Check: package dependencies
Result: ERROR
Packages required but not available: 'SeqVarTools', 'GMMAT'
See section ‘The DESCRIPTION file’ in the ‘Writing R Extensions’
manual.
Flavor: r-release-macos-x86_64
Version: 1.3.0
Check: package dependencies
Result: ERROR
Packages required but not available: 'SeqArray', 'GMMAT'
See section ‘The DESCRIPTION file’ in the ‘Writing R Extensions’
manual.
Flavor: r-oldrel-macos-arm64