Last updated on 2023-02-03 00:51:06 CET.
Flavor | Version | Tinstall | Tcheck | Ttotal | Status | Flags |
---|---|---|---|---|---|---|
r-devel-linux-x86_64-debian-clang | 0.1.1 | 3.20 | 57.72 | 60.92 | OK | |
r-devel-linux-x86_64-debian-gcc | 0.1.1 | 3.59 | 43.62 | 47.21 | OK | |
r-devel-linux-x86_64-fedora-clang | 0.1.1 | 76.22 | NOTE | |||
r-devel-linux-x86_64-fedora-gcc | 0.1.1 | 74.57 | NOTE | |||
r-patched-linux-x86_64 | 0.1.1 | 4.57 | 56.07 | 60.64 | OK | |
r-release-linux-x86_64 | 0.1.1 | 4.51 | 55.45 | 59.96 | OK | |
r-release-macos-arm64 | 0.1.1 | 27.00 | NOTE | |||
r-release-macos-x86_64 | 0.1.1 | 37.00 | NOTE | |||
r-release-windows-x86_64 | 0.1.1 | 23.00 | 102.00 | 125.00 | OK | |
r-oldrel-macos-arm64 | 0.1.1 | 30.00 | NOTE | |||
r-oldrel-macos-x86_64 | 0.1.1 | 50.00 | NOTE | |||
r-oldrel-windows-ix86+x86_64 | 0.1.1 | 10.00 | 87.00 | 97.00 | OK |
Version: 0.1.1
Check: data for non-ASCII characters
Result: NOTE
Note: found 66 marked UTF-8 strings
Flavors: r-devel-linux-x86_64-fedora-clang, r-devel-linux-x86_64-fedora-gcc, r-release-macos-arm64, r-release-macos-x86_64, r-oldrel-macos-arm64, r-oldrel-macos-x86_64