Last updated on 2021-04-20 01:47:10 CEST.
Flavor | Version | Tinstall | Tcheck | Ttotal | Status | Flags |
---|---|---|---|---|---|---|
r-devel-linux-x86_64-debian-clang | 4.8.0 | 20.82 | 110.48 | 131.30 | OK | |
r-devel-linux-x86_64-debian-gcc | 4.8.0 | 15.41 | 81.56 | 96.97 | OK | |
r-devel-linux-x86_64-fedora-clang | 4.8.0 | 162.38 | OK | |||
r-devel-linux-x86_64-fedora-gcc | 4.8.0 | 161.93 | OK | |||
r-devel-windows-ix86+x86_64 | 4.8.0 | 22.00 | 90.00 | 112.00 | OK | |
r-devel-windows-x86_64-gcc10-UCRT | 4.8.0 | OK | ||||
r-patched-linux-x86_64 | 4.8.0 | 20.36 | 98.54 | 118.90 | OK | |
r-patched-solaris-x86 | 4.8.0 | 4.80 | ERROR | |||
r-release-linux-x86_64 | 4.8.0 | 18.53 | 98.82 | 117.35 | OK | |
r-release-macos-x86_64 | 4.8.0 | OK | ||||
r-release-windows-ix86+x86_64 | 4.8.0 | 31.00 | 100.00 | 131.00 | OK | |
r-oldrel-macos-x86_64 | 4.8.0 | OK | ||||
r-oldrel-windows-ix86+x86_64 | 4.8.0 | 17.00 | 117.00 | 134.00 | OK |
Version: 4.8.0
Check: package dependencies
Result: ERROR
Package required but not available: ‘OpenMx’
See section ‘The DESCRIPTION file’ in the ‘Writing R Extensions’
manual.
Flavor: r-patched-solaris-x86