Last updated on 2023-10-01 08:52:03 CEST.
Flavor | Version | Tinstall | Tcheck | Ttotal | Status | Flags |
---|---|---|---|---|---|---|
r-devel-linux-x86_64-debian-clang | 4.9.2 | 19.87 | 127.01 | 146.88 | NOTE | |
r-devel-linux-x86_64-debian-gcc | 4.9.2 | 16.38 | 89.89 | 106.27 | NOTE | |
r-devel-linux-x86_64-fedora-clang | 4.9.2 | 175.43 | NOTE | |||
r-devel-linux-x86_64-fedora-gcc | 4.9.2 | 183.15 | NOTE | |||
r-devel-windows-x86_64 | 4.9.2 | 19.00 | 117.00 | 136.00 | NOTE | |
r-patched-linux-x86_64 | 4.9.2 | 27.75 | 118.39 | 146.14 | OK | |
r-release-linux-x86_64 | 4.9.2 | 18.60 | 120.22 | 138.82 | OK | |
r-release-macos-arm64 | 4.9.2 | 48.00 | OK | |||
r-release-macos-x86_64 | 4.9.2 | 78.00 | OK | |||
r-release-windows-x86_64 | 4.9.2 | 26.00 | 139.00 | 165.00 | OK | |
r-oldrel-macos-arm64 | 4.9.2 | 33.00 | OK | |||
r-oldrel-macos-x86_64 | 4.9.2 | 56.00 | OK | |||
r-oldrel-windows-x86_64 | 4.9.2 | 25.00 | 134.00 | 159.00 | OK |
Version: 4.9.2
Check: Rd contents
Result: NOTE
Argument items with no description in Rd object 'mr.smd':
‘structural.cost’
Flavors: r-devel-linux-x86_64-debian-clang, r-devel-linux-x86_64-debian-gcc, r-devel-linux-x86_64-fedora-clang, r-devel-linux-x86_64-fedora-gcc, r-devel-windows-x86_64