Last updated on 2023-06-05 07:52:57 CEST.
Flavor | Version | Tinstall | Tcheck | Ttotal | Status | Flags |
---|---|---|---|---|---|---|
r-devel-linux-x86_64-debian-clang | 2.34 | 62.57 | 120.27 | 182.84 | NOTE | |
r-devel-linux-x86_64-debian-gcc | 2.34 | 44.39 | 90.88 | 135.27 | NOTE | |
r-devel-linux-x86_64-fedora-clang | 2.34 | 234.93 | NOTE | |||
r-devel-linux-x86_64-fedora-gcc | 2.34 | 217.97 | NOTE | |||
r-devel-windows-x86_64 | 2.34 | 74.00 | 131.00 | 205.00 | NOTE | |
r-patched-linux-x86_64 | 2.34 | 51.68 | 114.85 | 166.53 | NOTE | |
r-release-linux-x86_64 | 2.34 | 54.94 | 115.90 | 170.84 | NOTE | |
r-release-macos-arm64 | 2.34 | 71.00 | NOTE | |||
r-release-macos-x86_64 | 2.34 | 116.00 | NOTE | |||
r-release-windows-x86_64 | 2.34 | 85.00 | 159.00 | 244.00 | NOTE | |
r-oldrel-macos-arm64 | 2.34 | 70.00 | OK | |||
r-oldrel-macos-x86_64 | 2.34 | 83.00 | OK | |||
r-oldrel-windows-x86_64 | 2.34 | 83.00 | 147.00 | 230.00 | OK |
Version: 2.34
Check: C++ specification
Result: NOTE
Specified C++11: please drop specification unless essential
Flavors: r-devel-linux-x86_64-debian-clang, r-devel-linux-x86_64-debian-gcc, r-devel-linux-x86_64-fedora-clang, r-devel-linux-x86_64-fedora-gcc, r-devel-windows-x86_64, r-patched-linux-x86_64, r-release-linux-x86_64, r-release-macos-arm64, r-release-macos-x86_64, r-release-windows-x86_64