CRAN Package Check Results for Package MCMCglmm

Last updated on 2020-08-11 01:54:41 CEST.

Flavor Version Tinstall Tcheck Ttotal Status Flags
r-devel-linux-x86_64-debian-clang 2.29 55.83 123.10 178.93 OK
r-devel-linux-x86_64-debian-gcc 2.29 37.46 92.91 130.37 OK
r-devel-linux-x86_64-fedora-clang 2.29 218.94 NOTE
r-devel-linux-x86_64-fedora-gcc 2.29 201.25 OK
r-devel-windows-ix86+x86_64 2.29 169.00 220.00 389.00 NOTE
r-patched-linux-x86_64 2.29 41.89 123.82 165.71 OK
r-patched-solaris-x86 2.29 266.90 OK
r-release-linux-x86_64 2.29 39.70 121.23 160.93 OK
r-release-macos-x86_64 2.29 OK
r-release-windows-ix86+x86_64 2.29 139.00 159.00 298.00 NOTE
r-oldrel-macos-x86_64 2.29 OK
r-oldrel-windows-ix86+x86_64 2.29 128.00 172.00 300.00 NOTE

Check Details

Version: 2.29
Check: Rd cross-references
Result: NOTE
    Undeclared packages ‘MCMCpack’, ‘bayesm’, ‘msm’ in Rd xrefs
Flavor: r-devel-linux-x86_64-fedora-clang

Version: 2.29
Check: installed package size
Result: NOTE
     installed size is 5.8Mb
     sub-directories of 1Mb or more:
     doc 3.2Mb
     libs 2.1Mb
Flavors: r-devel-windows-ix86+x86_64, r-release-windows-ix86+x86_64, r-oldrel-windows-ix86+x86_64