CRAN Package Check Results for Package MCMCpack

Last updated on 2022-12-09 01:50:33 CET.

Flavor Version Tinstall Tcheck Ttotal Status Flags
r-devel-linux-x86_64-debian-clang 1.6-3 999.36 155.56 1154.92 OK
r-devel-linux-x86_64-debian-gcc 1.6-3 368.64 151.01 519.65 OK
r-devel-linux-x86_64-fedora-clang 1.6-3 1345.46 NOTE
r-devel-linux-x86_64-fedora-gcc 1.6-3 814.91 OK
r-devel-windows-x86_64 1.6-3 316.00 320.00 636.00 OK
r-patched-linux-x86_64 1.6-3 390.87 137.94 528.81 OK
r-release-linux-x86_64 1.6-3 377.84 140.76 518.60 OK
r-release-macos-arm64 1.6-3 267.00 NOTE
r-release-macos-x86_64 1.6-3 282.00 NOTE
r-release-windows-x86_64 1.6-3 288.00 203.00 491.00 OK
r-oldrel-macos-arm64 1.6-3 211.00 NOTE
r-oldrel-macos-x86_64 1.6-3 287.00 NOTE
r-oldrel-windows-ix86+x86_64 1.6-3 847.00 241.00 1088.00 NOTE

Check Details

Version: 1.6-3
Check: installed package size
Result: NOTE
     installed size is 7.6Mb
     sub-directories of 1Mb or more:
     libs 6.4Mb
Flavors: r-devel-linux-x86_64-fedora-clang, r-release-macos-arm64, r-release-macos-x86_64, r-oldrel-macos-arm64, r-oldrel-macos-x86_64, r-oldrel-windows-ix86+x86_64