Last updated on 2021-01-19 00:47:27 CET.
Flavor | Version | Tinstall | Tcheck | Ttotal | Status | Flags |
---|---|---|---|---|---|---|
r-devel-linux-x86_64-debian-clang | 0.4.0 | 103.40 | 72.21 | 175.61 | OK | |
r-devel-linux-x86_64-debian-gcc | 0.4.0 | 69.22 | 57.04 | 126.26 | OK | |
r-devel-linux-x86_64-fedora-clang | 0.4.0 | 256.55 | NOTE | |||
r-devel-linux-x86_64-fedora-gcc | 0.4.0 | 218.64 | OK | |||
r-devel-windows-ix86+x86_64 | 0.4.0 | 150.00 | 101.00 | 251.00 | OK | |
r-patched-linux-x86_64 | 0.4.0 | 82.89 | 67.89 | 150.78 | OK | |
r-patched-solaris-x86 | 0.4.0 | 217.50 | OK | |||
r-release-linux-x86_64 | 0.4.0 | 76.42 | 69.15 | 145.57 | OK | |
r-release-macos-x86_64 | 0.4.0 | NOTE | ||||
r-release-windows-ix86+x86_64 | 0.4.0 | 173.00 | 117.00 | 290.00 | OK | |
r-oldrel-macos-x86_64 | 0.4.0 | NOTE | ||||
r-oldrel-windows-ix86+x86_64 | 0.4.0 | 147.00 | 89.00 | 236.00 | OK |
Version: 0.4.0
Check: installed package size
Result: NOTE
installed size is 16.5Mb
sub-directories of 1Mb or more:
libs 15.9Mb
Flavors: r-devel-linux-x86_64-fedora-clang, r-release-macos-x86_64, r-oldrel-macos-x86_64
Version: 0.4.0
Check: Rd cross-references
Result: NOTE
Undeclared package ‘coda’ in Rd xrefs
Flavor: r-devel-linux-x86_64-fedora-clang