CRAN Package Check Results for Package MCPModGeneral

Last updated on 2023-11-30 07:52:41 CET.

Flavor Version Tinstall Tcheck Ttotal Status Flags
r-devel-linux-x86_64-debian-clang 0.1-1 7.08 87.82 94.90 NOTE
r-devel-linux-x86_64-debian-gcc 0.1-1 5.70 65.66 71.36 NOTE
r-devel-linux-x86_64-fedora-clang 0.1-1 115.73 NOTE
r-devel-linux-x86_64-fedora-gcc 0.1-1 124.45 NOTE
r-devel-windows-x86_64 0.1-1 8.00 120.00 128.00 NOTE
r-patched-linux-x86_64 0.1-1 6.66 84.94 91.60 NOTE
r-release-linux-x86_64 0.1-1 5.41 85.92 91.33 NOTE
r-release-macos-arm64 0.1-1 51.00 NOTE
r-release-macos-x86_64 0.1-1 70.00 NOTE
r-release-windows-x86_64 0.1-1 10.00 105.00 115.00 NOTE
r-oldrel-macos-arm64 0.1-1 33.00 NOTE
r-oldrel-macos-x86_64 0.1-1 40.00 NOTE
r-oldrel-windows-x86_64 0.1-1 10.00 111.00 121.00 NOTE

Check Details

Version: 0.1-1
Check: LazyData
Result: NOTE 'LazyData' is specified without a 'data' directory Flavors: r-devel-linux-x86_64-debian-clang, r-devel-linux-x86_64-debian-gcc, r-devel-linux-x86_64-fedora-clang, r-devel-linux-x86_64-fedora-gcc, r-devel-windows-x86_64, r-patched-linux-x86_64, r-release-linux-x86_64, r-release-macos-arm64, r-release-macos-x86_64, r-release-windows-x86_64, r-oldrel-macos-arm64, r-oldrel-macos-x86_64, r-oldrel-windows-x86_64