Last updated on 2023-02-07 00:54:22 CET.
Flavor | Version | Tinstall | Tcheck | Ttotal | Status | Flags |
---|---|---|---|---|---|---|
r-devel-linux-x86_64-debian-clang | 0.4 | 42.20 | 79.35 | 121.55 | NOTE | |
r-devel-linux-x86_64-debian-gcc | 0.4 | 41.43 | 58.71 | 100.14 | NOTE | |
r-devel-linux-x86_64-fedora-clang | 0.4 | 162.01 | NOTE | |||
r-devel-linux-x86_64-fedora-gcc | 0.4 | 157.28 | NOTE | |||
r-devel-windows-x86_64 | 0.4 | 71.00 | 134.00 | 205.00 | OK | |
r-patched-linux-x86_64 | 0.4 | 36.13 | 77.73 | 113.86 | OK | |
r-release-linux-x86_64 | 0.4 | 36.46 | 79.64 | 116.10 | OK | |
r-release-macos-arm64 | 0.4 | 44.00 | NOTE | |||
r-release-macos-x86_64 | 0.4 | 84.00 | NOTE | |||
r-release-windows-x86_64 | 0.4 | 67.00 | 138.00 | 205.00 | OK | |
r-oldrel-macos-arm64 | 0.4 | 43.00 | NOTE | |||
r-oldrel-macos-x86_64 | 0.4 | 66.00 | NOTE | |||
r-oldrel-windows-ix86+x86_64 | 0.4 | 110.00 | 160.00 | 270.00 | OK |
Version: 0.4
Check: C++ specification
Result: NOTE
Specified C++11: please update to current default of C++17
Flavors: r-devel-linux-x86_64-debian-clang, r-devel-linux-x86_64-debian-gcc, r-devel-linux-x86_64-fedora-clang, r-devel-linux-x86_64-fedora-gcc
Version: 0.4
Check: installed package size
Result: NOTE
installed size is 6.0Mb
sub-directories of 1Mb or more:
libs 5.4Mb
Flavors: r-release-macos-arm64, r-release-macos-x86_64, r-oldrel-macos-arm64, r-oldrel-macos-x86_64