CRAN Package Check Results for Package MDBED

Last updated on 2021-01-28 00:47:27 CET.

Flavor Version Tinstall Tcheck Ttotal Status Flags
r-devel-linux-x86_64-debian-clang 1.0.0 4.21 54.69 58.90 OK
r-devel-linux-x86_64-debian-gcc 1.0.0 OK
r-devel-linux-x86_64-fedora-clang 1.0.0 81.73 NOTE
r-devel-linux-x86_64-fedora-gcc 1.0.0 68.48 NOTE
r-devel-windows-ix86+x86_64 1.0.0 13.00 89.00 102.00 OK
r-patched-linux-x86_64 1.0.0 4.96 50.70 55.66 OK
r-patched-solaris-x86 1.0.0 93.80 NOTE
r-release-linux-x86_64 1.0.0 4.42 50.80 55.22 OK
r-release-macos-x86_64 1.0.0 NOTE
r-release-windows-ix86+x86_64 1.0.0 14.00 65.00 79.00 OK
r-oldrel-macos-x86_64 1.0.0 NOTE
r-oldrel-windows-ix86+x86_64 1.0.0 25.00 97.00 122.00 OK

Check Details

Version: 1.0.0
Check: dependencies in R code
Result: NOTE
    Namespace in Imports field not imported from: ‘psych’
     All declared Imports should be used.
Flavors: r-devel-linux-x86_64-fedora-clang, r-devel-linux-x86_64-fedora-gcc, r-patched-solaris-x86, r-release-macos-x86_64, r-oldrel-macos-x86_64