CRAN Package Check Results for Package MEDseq

Last updated on 2021-05-09 01:46:58 CEST.

Flavor Version Tinstall Tcheck Ttotal Status Flags
r-devel-linux-x86_64-debian-clang 1.2.1 17.36 211.26 228.62 OK
r-devel-linux-x86_64-debian-gcc 1.2.1 14.13 152.30 166.43 OK
r-devel-linux-x86_64-fedora-clang 1.2.1 292.25 OK
r-devel-linux-x86_64-fedora-gcc 1.2.1 275.40 OK
r-devel-windows-ix86+x86_64 1.2.1 42.00 258.00 300.00 OK
r-devel-windows-x86_64-gcc10-UCRT 1.2.1 OK
r-patched-linux-x86_64 1.2.1 15.65 194.65 210.30 OK
r-patched-solaris-x86 1.2.1 456.20 OK
r-release-linux-x86_64 1.2.1 15.17 189.77 204.94 OK
r-release-macos-x86_64 1.2.1 OK
r-release-windows-ix86+x86_64 1.2.1 25.00 210.00 235.00 OK
r-oldrel-macos-x86_64 1.2.1 ERROR

Check Details

Version: 1.2.1
Check: whether package can be installed
Result: ERROR
    Installation failed.
Flavor: r-oldrel-macos-x86_64