CRAN Package Check Results for Package MESS

Last updated on 2020-09-23 04:00:03 CEST.

Flavor Version Tinstall Tcheck Ttotal Status Flags
r-devel-linux-x86_64-debian-clang 0.5.7 255.59 117.08 372.67 OK
r-devel-linux-x86_64-debian-gcc 0.5.7 180.42 91.94 272.36 OK
r-devel-linux-x86_64-fedora-clang 0.5.7 504.67 NOTE
r-devel-linux-x86_64-fedora-gcc 0.5.7 475.77 OK
r-devel-windows-ix86+x86_64 0.5.7 613.00 239.00 852.00 NOTE
r-patched-linux-x86_64 0.5.7 152.43 113.76 266.19 OK
r-patched-solaris-x86 0.5.7 467.20 OK
r-release-linux-x86_64 0.5.7 158.42 113.76 272.18 OK
r-release-macos-x86_64 0.5.7 NOTE
r-release-windows-ix86+x86_64 0.5.7 574.00 246.00 820.00 NOTE
r-oldrel-macos-x86_64 0.5.7 NOTE
r-oldrel-windows-ix86+x86_64 0.5.7 387.00 200.00 587.00 NOTE

Check Details

Version: 0.5.7
Check: installed package size
Result: NOTE
     installed size is 10.4Mb
     sub-directories of 1Mb or more:
     data 2.8Mb
     libs 7.2Mb
Flavors: r-devel-linux-x86_64-fedora-clang, r-devel-windows-ix86+x86_64, r-release-macos-x86_64, r-release-windows-ix86+x86_64, r-oldrel-macos-x86_64, r-oldrel-windows-ix86+x86_64