Last updated on 2023-06-07 06:57:52 CEST.
Flavor | Version | Tinstall | Tcheck | Ttotal | Status | Flags |
---|---|---|---|---|---|---|
r-devel-linux-x86_64-debian-clang | 0.5.9 | 263.61 | 147.11 | 410.72 | OK | |
r-devel-linux-x86_64-debian-gcc | 0.5.9 | 200.54 | 110.54 | 311.08 | OK | |
r-devel-linux-x86_64-fedora-clang | 0.5.9 | 607.14 | OK | |||
r-devel-linux-x86_64-fedora-gcc | 0.5.9 | 579.81 | OK | |||
r-devel-windows-x86_64 | 0.5.9 | 189.00 | 166.00 | 355.00 | OK | |
r-patched-linux-x86_64 | 0.5.9 | 206.88 | 139.44 | 346.32 | OK | |
r-release-linux-x86_64 | 0.5.9 | 209.83 | 137.67 | 347.50 | OK | |
r-release-macos-arm64 | 0.5.9 | 135.00 | NOTE | |||
r-release-macos-x86_64 | 0.5.9 | 224.00 | NOTE | |||
r-release-windows-x86_64 | 0.5.9 | 254.00 | 206.00 | 460.00 | OK | |
r-oldrel-macos-arm64 | 0.5.9 | 119.00 | NOTE | |||
r-oldrel-macos-x86_64 | 0.5.9 | 164.00 | NOTE | |||
r-oldrel-windows-x86_64 | 0.5.9 | 240.00 | 186.00 | 426.00 | OK |
Version: 0.5.9
Check: installed package size
Result: NOTE
installed size is 8.9Mb
sub-directories of 1Mb or more:
data 2.7Mb
libs 5.8Mb
Flavors: r-release-macos-arm64, r-release-macos-x86_64, r-oldrel-macos-arm64, r-oldrel-macos-x86_64
Version: 0.5.9
Check: package dependencies
Result: NOTE
Package suggested but not available for checking: ‘lme4’
Flavor: r-release-macos-x86_64