CRAN Package Check Results for Package MFDFA

Last updated on 2024-04-19 20:56:43 CEST.

Flavor Version Tinstall Tcheck Ttotal Status Flags
r-devel-linux-x86_64-debian-clang 1.1 1.79 37.65 39.44 NOTE
r-devel-linux-x86_64-debian-gcc 1.1 NOTE
r-devel-linux-x86_64-fedora-clang 1.1 49.56 NOTE
r-devel-linux-x86_64-fedora-gcc 1.1 48.24 NOTE
r-prerel-macos-arm64 1.1 17.00 NOTE
r-prerel-windows-x86_64 1.1 3.00 47.00 50.00 NOTE
r-patched-linux-x86_64 1.1 2.59 37.18 39.77 NOTE
r-release-linux-x86_64 1.1 2.04 36.18 38.22 NOTE
r-release-macos-arm64 1.1 20.00 NOTE
r-release-macos-x86_64 1.1 30.00 NOTE
r-release-windows-x86_64 1.1 3.00 50.00 53.00 NOTE
r-oldrel-macos-arm64 1.1 19.00 NOTE
r-oldrel-windows-x86_64 1.1 4.00 55.00 59.00 NOTE

Check Details

Version: 1.1
Check: LazyData
Result: NOTE 'LazyData' is specified without a 'data' directory Flavors: r-devel-linux-x86_64-debian-clang, r-devel-linux-x86_64-debian-gcc, r-devel-linux-x86_64-fedora-clang, r-devel-linux-x86_64-fedora-gcc, r-prerel-macos-arm64, r-prerel-windows-x86_64, r-patched-linux-x86_64, r-release-linux-x86_64, r-release-macos-arm64, r-release-macos-x86_64, r-release-windows-x86_64, r-oldrel-macos-arm64, r-oldrel-windows-x86_64