CRAN Package Check Results for Package MGDrivE

Last updated on 2020-10-24 01:48:25 CEST.

Flavor Version Tinstall Tcheck Ttotal Status Flags
r-devel-linux-x86_64-debian-clang 1.6.0 60.85 340.99 401.84 OK
r-devel-linux-x86_64-debian-gcc 1.6.0 50.95 229.33 280.28 OK
r-devel-linux-x86_64-fedora-clang 1.6.0 480.02 OK
r-devel-linux-x86_64-fedora-gcc 1.6.0 501.03 OK
r-devel-windows-ix86+x86_64 1.6.0 122.00 356.00 478.00 NOTE
r-patched-linux-x86_64 1.6.0 66.06 321.44 387.50 OK
r-patched-solaris-x86 1.6.0 505.70 OK
r-release-linux-x86_64 1.6.0 52.45 315.94 368.39 OK
r-release-macos-x86_64 1.6.0 OK
r-release-windows-ix86+x86_64 1.6.0 94.00 403.00 497.00 NOTE
r-oldrel-macos-x86_64 1.6.0 OK
r-oldrel-windows-ix86+x86_64 1.6.0 115.00 407.00 522.00 OK

Check Details

Version: 1.6.0
Check: installed package size
Result: NOTE
     installed size is 5.0Mb
     sub-directories of 1Mb or more:
     doc 2.2Mb
     libs 2.1Mb
Flavors: r-devel-windows-ix86+x86_64, r-release-windows-ix86+x86_64