CRAN Package Check Results for Package MHTcop

Last updated on 2019-10-17 01:49:06 CEST.

Flavor Version Tinstall Tcheck Ttotal Status Flags
r-devel-linux-x86_64-debian-clang 0.1.1 2.39 38.12 40.51 OK
r-devel-linux-x86_64-debian-gcc 0.1.1 1.74 29.51 31.25 OK
r-devel-linux-x86_64-fedora-clang 0.1.1 49.47 NOTE
r-devel-linux-x86_64-fedora-gcc 0.1.1 47.08 NOTE
r-devel-windows-ix86+x86_64 0.1.1 7.00 67.00 74.00 OK
r-patched-linux-x86_64 0.1.1 1.75 36.77 38.52 OK
r-patched-solaris-x86 0.1.1 68.80 NOTE
r-release-linux-x86_64 0.1.1 1.98 37.13 39.11 OK
r-release-windows-ix86+x86_64 0.1.1 4.00 52.00 56.00 OK
r-release-osx-x86_64 0.1.1 NOTE
r-oldrel-windows-ix86+x86_64 0.1.1 3.00 45.00 48.00 OK
r-oldrel-osx-x86_64 0.1.1 NOTE

Check Details

Version: 0.1.1
Check: dependencies in R code
Result: NOTE
    Namespaces in Imports field not imported from:
     ‘MCMCpack’ ‘copula’
     All declared Imports should be used.
Flavors: r-devel-linux-x86_64-fedora-clang, r-devel-linux-x86_64-fedora-gcc, r-patched-solaris-x86, r-release-osx-x86_64, r-oldrel-osx-x86_64