CRAN Package Check Results for Package MHTcop

Last updated on 2020-04-04 01:52:23 CEST.

Flavor Version Tinstall Tcheck Ttotal Status Flags
r-devel-linux-x86_64-debian-clang 0.1.1 2.23 41.00 43.23 OK
r-devel-linux-x86_64-debian-gcc 0.1.1 2.05 31.06 33.11 OK
r-devel-linux-x86_64-fedora-clang 0.1.1 52.32 NOTE
r-devel-linux-x86_64-fedora-gcc 0.1.1 50.51 NOTE
r-devel-windows-ix86+x86_64 0.1.1 6.00 49.00 55.00 OK
r-devel-windows-ix86+x86_64-gcc8 0.1.1 6.00 48.00 54.00 OK
r-patched-linux-x86_64 0.1.1 2.52 39.30 41.82 OK
r-patched-solaris-x86 0.1.1 80.00 NOTE
r-release-linux-x86_64 0.1.1 2.04 37.00 39.04 OK
r-release-windows-ix86+x86_64 0.1.1 5.00 54.00 59.00 OK
r-release-osx-x86_64 0.1.1 NOTE
r-oldrel-windows-ix86+x86_64 0.1.1 6.00 48.00 54.00 OK
r-oldrel-osx-x86_64 0.1.1 NOTE

Check Details

Version: 0.1.1
Check: dependencies in R code
Result: NOTE
    Namespaces in Imports field not imported from:
     ‘MCMCpack’ ‘copula’
     All declared Imports should be used.
Flavors: r-devel-linux-x86_64-fedora-clang, r-devel-linux-x86_64-fedora-gcc, r-patched-solaris-x86, r-release-osx-x86_64, r-oldrel-osx-x86_64