CRAN Package Check Results for Package MJMbamlss

Last updated on 2024-04-24 07:15:08 CEST.

Flavor Version Tinstall Tcheck Ttotal Status Flags
r-devel-linux-x86_64-debian-clang 0.1.0 23.99 195.72 219.71 OK
r-devel-linux-x86_64-debian-gcc 0.1.0 20.98 138.34 159.32 OK
r-devel-linux-x86_64-fedora-clang 0.1.0 269.23 OK
r-devel-linux-x86_64-fedora-gcc 0.1.0 254.70 OK
r-prerel-macos-arm64 0.1.0 67.00 OK
r-prerel-windows-x86_64 0.1.0 27.00 147.00 174.00 OK
r-patched-linux-x86_64 0.1.0 21.79 184.96 206.75 OK
r-release-linux-x86_64 0.1.0 25.30 185.73 211.03 OK
r-release-macos-arm64 0.1.0 70.00 OK
r-release-macos-x86_64 0.1.0 144.00 OK
r-release-windows-x86_64 0.1.0 32.00 180.00 212.00 OK
r-oldrel-macos-arm64 0.1.0 70.00 WARN
r-oldrel-windows-x86_64 0.1.0 31.00 176.00 207.00 WARN

Check Details

Version: 0.1.0
Check: S3 generic/method consistency
Result: WARN Warning: declared S3 method 'smooth.construct.unc_pcre.smooth.spec' not found See section ‘Generic functions and methods’ in the ‘Writing R Extensions’ manual. Flavors: r-oldrel-macos-arm64, r-oldrel-windows-x86_64