Last updated on 2022-07-03 01:48:59 CEST.
Flavor | Version | Tinstall | Tcheck | Ttotal | Status | Flags |
---|---|---|---|---|---|---|
r-devel-linux-x86_64-debian-clang | 1.0.1 | 6.86 | 109.17 | 116.03 | OK | |
r-devel-linux-x86_64-debian-gcc | 1.0.1 | 6.61 | 82.58 | 89.19 | OK | |
r-devel-linux-x86_64-fedora-clang | 1.0.1 | 153.56 | NOTE | |||
r-devel-linux-x86_64-fedora-gcc | 1.0.1 | 151.10 | NOTE | |||
r-devel-windows-x86_64 | 1.0.1 | 28.00 | 142.00 | 170.00 | OK | |
r-patched-linux-x86_64 | 1.0.1 | 8.23 | 106.43 | 114.66 | OK | |
r-release-linux-x86_64 | 1.0.1 | 8.28 | 107.38 | 115.66 | OK | |
r-release-macos-arm64 | 1.0.1 | 52.00 | NOTE | |||
r-release-macos-x86_64 | 1.0.1 | 83.00 | NOTE | |||
r-release-windows-x86_64 | 1.0.1 | 20.00 | 140.00 | 160.00 | OK | |
r-oldrel-macos-arm64 | 1.0.1 | 73.00 | NOTE | |||
r-oldrel-macos-x86_64 | 1.0.1 | 66.00 | NOTE | |||
r-oldrel-windows-ix86+x86_64 | 1.0.1 | 17.00 | 141.00 | 158.00 | OK |
Version: 1.0.1
Check: dependencies in R code
Result: NOTE
Namespace in Imports field not imported from: ‘nlme’
All declared Imports should be used.
Flavors: r-devel-linux-x86_64-fedora-clang, r-devel-linux-x86_64-fedora-gcc, r-release-macos-arm64, r-release-macos-x86_64, r-oldrel-macos-arm64, r-oldrel-macos-x86_64