Last updated on 2023-02-06 00:52:36 CET.
Flavor | Version | Tinstall | Tcheck | Ttotal | Status | Flags |
---|---|---|---|---|---|---|
r-devel-linux-x86_64-debian-clang | 0.3.3 | 2.96 | 28.36 | 31.32 | OK | |
r-devel-linux-x86_64-debian-gcc | 0.3.3 | 1.86 | 21.96 | 23.82 | OK | |
r-devel-linux-x86_64-fedora-clang | 0.3.3 | 28.31 | OK | |||
r-devel-linux-x86_64-fedora-gcc | 0.3.3 | 53.72 | OK | |||
r-devel-windows-x86_64 | 0.3.3 | 14.00 | 65.00 | 79.00 | OK | |
r-patched-linux-x86_64 | 0.3.3 | 2.18 | 28.21 | 30.39 | OK | |
r-release-linux-x86_64 | 0.3.3 | 2.65 | 31.93 | 34.58 | OK | |
r-release-macos-arm64 | 0.3.3 | 18.00 | NOTE | |||
r-release-macos-x86_64 | 0.3.3 | 28.00 | OK | |||
r-release-windows-x86_64 | 0.3.3 | 16.00 | 65.00 | 81.00 | OK | |
r-oldrel-macos-arm64 | 0.3.3 | 21.00 | NOTE | |||
r-oldrel-macos-x86_64 | 0.3.3 | 35.00 | NOTE | |||
r-oldrel-windows-ix86+x86_64 | 0.3.3 | 6.00 | 59.00 | 65.00 | OK |
Version: 0.3.3
Check: package dependencies
Result: NOTE
Packages suggested but not available for checking:
'minfi', 'GEOquery', 'IlluminaHumanMethylation450kmanifest'
Flavors: r-release-macos-arm64, r-oldrel-macos-arm64
Version: 0.3.3
Check: package dependencies
Result: NOTE
Package suggested but not available for checking: ‘IlluminaHumanMethylation450kmanifest’
Flavor: r-oldrel-macos-x86_64