CRAN Package Check Results for Package MLmetrics

Last updated on 2020-08-12 01:47:06 CEST.

Flavor Version Tinstall Tcheck Ttotal Status Flags
r-devel-linux-x86_64-debian-clang 1.1.1 2.69 22.45 25.14 OK
r-devel-linux-x86_64-debian-gcc 1.1.1 1.94 17.72 19.66 OK
r-devel-linux-x86_64-fedora-clang 1.1.1 39.11 NOTE
r-devel-linux-x86_64-fedora-gcc 1.1.1 28.71 NOTE
r-devel-windows-ix86+x86_64 1.1.1 9.00 50.00 59.00 OK
r-patched-linux-x86_64 1.1.1 2.20 23.18 25.38 OK
r-patched-solaris-x86 1.1.1 44.80 NOTE
r-release-linux-x86_64 1.1.1 2.34 22.16 24.50 OK
r-release-macos-x86_64 1.1.1 NOTE
r-release-windows-ix86+x86_64 1.1.1 9.00 34.00 43.00 OK
r-oldrel-macos-x86_64 1.1.1 NOTE
r-oldrel-windows-ix86+x86_64 1.1.1 4.00 39.00 43.00 OK

Check Details

Version: 1.1.1
Check: dependencies in R code
Result: NOTE
    Namespace in Imports field not imported from: ‘utils’
     All declared Imports should be used.
Flavors: r-devel-linux-x86_64-fedora-clang, r-devel-linux-x86_64-fedora-gcc, r-patched-solaris-x86, r-release-macos-x86_64, r-oldrel-macos-x86_64