CRAN Package Check Results for Package MLmetrics

Last updated on 2024-02-26 08:48:50 CET.

Flavor Version Tinstall Tcheck Ttotal Status Flags
r-devel-linux-x86_64-debian-clang 1.1.1 2.78 24.72 27.50 NOTE
r-devel-linux-x86_64-debian-gcc 1.1.1 2.17 19.26 21.43 NOTE
r-devel-linux-x86_64-fedora-clang 1.1.1 34.38 NOTE
r-devel-linux-x86_64-fedora-gcc 1.1.1 33.25 NOTE
r-devel-windows-x86_64 1.1.1 3.00 47.00 50.00 NOTE
r-patched-linux-x86_64 1.1.1 3.08 24.71 27.79 NOTE
r-release-linux-x86_64 1.1.1 2.72 24.87 27.59 NOTE
r-release-macos-arm64 1.1.1 17.00 NOTE
r-release-macos-x86_64 1.1.1 22.00 NOTE
r-release-windows-x86_64 1.1.1 4.00 48.00 52.00 NOTE
r-oldrel-macos-arm64 1.1.1 15.00 NOTE
r-oldrel-windows-x86_64 1.1.1 4.00 48.00 52.00 NOTE

Check Details

Version: 1.1.1
Check: LazyData
Result: NOTE 'LazyData' is specified without a 'data' directory Flavors: r-devel-linux-x86_64-debian-clang, r-devel-linux-x86_64-debian-gcc, r-devel-linux-x86_64-fedora-clang, r-devel-linux-x86_64-fedora-gcc, r-devel-windows-x86_64, r-patched-linux-x86_64, r-release-linux-x86_64, r-release-macos-arm64, r-release-macos-x86_64, r-release-windows-x86_64, r-oldrel-macos-arm64, r-oldrel-windows-x86_64

Version: 1.1.1
Check: dependencies in R code
Result: NOTE Namespace in Imports field not imported from: ‘utils’ All declared Imports should be used. Flavors: r-devel-linux-x86_64-fedora-clang, r-devel-linux-x86_64-fedora-gcc, r-oldrel-macos-arm64