Last updated on 2021-04-20 01:47:12 CEST.
Flavor | Version | Tinstall | Tcheck | Ttotal | Status | Flags |
---|---|---|---|---|---|---|
r-devel-linux-x86_64-debian-clang | 1.3.4 | 17.97 | 178.28 | 196.25 | NOTE | |
r-devel-linux-x86_64-debian-gcc | 1.3.4 | 13.29 | 122.86 | 136.15 | NOTE | |
r-devel-linux-x86_64-fedora-clang | 1.3.4 | 235.91 | NOTE | |||
r-devel-linux-x86_64-fedora-gcc | 1.3.4 | 227.84 | NOTE | |||
r-devel-windows-ix86+x86_64 | 1.3.4 | 31.00 | 298.00 | 329.00 | NOTE | |
r-devel-windows-x86_64-gcc10-UCRT | 1.3.4 | NOTE | ||||
r-patched-linux-x86_64 | 1.3.4 | 13.82 | 165.04 | 178.86 | OK | |
r-patched-solaris-x86 | 1.3.4 | 902.90 | OK | |||
r-release-linux-x86_64 | 1.3.4 | 16.74 | 165.98 | 182.72 | OK | |
r-release-macos-x86_64 | 1.3.4 | OK | ||||
r-release-windows-ix86+x86_64 | 1.3.4 | 37.00 | 375.00 | 412.00 | OK | |
r-oldrel-macos-x86_64 | 1.3.4 | OK | ||||
r-oldrel-windows-ix86+x86_64 | 1.3.4 | 24.00 | 317.00 | 341.00 | OK |
Version: 1.3.4
Check: LazyData
Result: NOTE
'LazyData' is specified without a 'data' directory
Flavors: r-devel-linux-x86_64-debian-clang, r-devel-linux-x86_64-debian-gcc, r-devel-linux-x86_64-fedora-clang, r-devel-linux-x86_64-fedora-gcc, r-devel-windows-ix86+x86_64, r-devel-windows-x86_64-gcc10-UCRT