Last updated on 2022-06-25 01:49:05 CEST.
Flavor | Version | Tinstall | Tcheck | Ttotal | Status | Flags |
---|---|---|---|---|---|---|
r-devel-linux-x86_64-debian-clang | 3.5.0 | 148.76 | 272.05 | 420.81 | OK | |
r-devel-linux-x86_64-debian-gcc | 3.5.0 | 121.96 | 196.33 | 318.29 | OK | |
r-devel-linux-x86_64-fedora-clang | 3.5.0 | 544.67 | NOTE | |||
r-devel-linux-x86_64-fedora-gcc | 3.5.0 | 515.81 | OK | |||
r-devel-windows-x86_64 | 3.5.0 | 254.00 | 291.00 | 545.00 | NOTE | |
r-patched-linux-x86_64 | 3.5.0 | 134.19 | 259.12 | 393.31 | OK | |
r-release-linux-x86_64 | 3.5.0 | 125.73 | 258.16 | 383.89 | OK | |
r-release-macos-arm64 | 3.5.0 | 118.00 | NOTE | |||
r-release-macos-x86_64 | 3.5.0 | 155.00 | NOTE | |||
r-release-windows-x86_64 | 3.5.0 | 158.00 | 281.00 | 439.00 | NOTE | |
r-oldrel-macos-arm64 | 3.5.0 | 117.00 | NOTE | |||
r-oldrel-macos-x86_64 | 3.5.0 | 157.00 | NOTE | |||
r-oldrel-windows-ix86+x86_64 | 3.5.0 | 311.00 | 333.00 | 644.00 | NOTE |
Version: 3.5.0
Check: installed package size
Result: NOTE
installed size is 9.5Mb
sub-directories of 1Mb or more:
R 1.8Mb
data 4.0Mb
libs 2.8Mb
Flavors: r-devel-linux-x86_64-fedora-clang, r-devel-windows-x86_64, r-release-macos-arm64, r-release-macos-x86_64, r-release-windows-x86_64, r-oldrel-macos-arm64, r-oldrel-macos-x86_64, r-oldrel-windows-ix86+x86_64