Last updated on 2023-03-25 07:02:25 CET.
Flavor | Version | Tinstall | Tcheck | Ttotal | Status | Flags |
---|---|---|---|---|---|---|
r-devel-linux-x86_64-debian-clang | 3.0 | 30.88 | 153.76 | 184.64 | OK | |
r-devel-linux-x86_64-debian-gcc | 3.0 | 25.40 | 112.58 | 137.98 | OK | |
r-devel-linux-x86_64-fedora-clang | 3.0 | 226.67 | NOTE | |||
r-devel-linux-x86_64-fedora-gcc | 3.0 | 231.38 | NOTE | |||
r-devel-windows-x86_64 | 3.0 | 42.00 | 160.00 | 202.00 | OK | |
r-patched-linux-x86_64 | 3.0 | 31.34 | 143.24 | 174.58 | OK | |
r-release-linux-x86_64 | 3.0 | 27.58 | 145.54 | 173.12 | OK | |
r-release-macos-arm64 | 3.0 | 53.00 | NOTE | |||
r-release-macos-x86_64 | 3.0 | 87.00 | NOTE | |||
r-release-windows-x86_64 | 3.0 | 41.00 | 166.00 | 207.00 | OK | |
r-oldrel-macos-arm64 | 3.0 | 66.00 | NOTE | |||
r-oldrel-macos-x86_64 | 3.0 | 96.00 | NOTE | |||
r-oldrel-windows-ix86+x86_64 | 3.0 | 56.00 | 161.00 | 217.00 | OK |
Version: 3.0
Check: dependencies in R code
Result: NOTE
Namespaces in Imports field not imported from:
‘datasets’ ‘grDevices’ ‘graphics’ ‘iterators’ ‘methods’
All declared Imports should be used.
Flavors: r-devel-linux-x86_64-fedora-clang, r-devel-linux-x86_64-fedora-gcc, r-release-macos-arm64, r-release-macos-x86_64, r-oldrel-macos-arm64, r-oldrel-macos-x86_64