CRAN Package Check Results for Package MTGS

Last updated on 2020-02-17 00:49:18 CET.

Flavor Version Tinstall Tcheck Ttotal Status Flags
r-devel-linux-x86_64-debian-clang 0.1.0 8.60 74.90 83.50 OK
r-devel-linux-x86_64-debian-gcc 0.1.0 8.01 60.63 68.64 OK
r-devel-linux-x86_64-fedora-clang 0.1.0 103.58 OK
r-devel-windows-ix86+x86_64 0.1.0 16.00 78.00 94.00 OK
r-devel-windows-ix86+x86_64-gcc8 0.1.0 23.00 105.00 128.00 OK
r-patched-linux-x86_64 0.1.0 8.54 64.20 72.74 OK
r-patched-solaris-x86 0.1.0 139.50 OK
r-release-linux-x86_64 0.1.0 7.33 64.65 71.98 OK
r-release-windows-ix86+x86_64 0.1.0 15.00 74.00 89.00 OK
r-release-osx-x86_64 0.1.0 OK
r-oldrel-osx-x86_64 0.1.0 ERROR

Check Details

Version: 0.1.0
Check: whether package can be installed
Result: ERROR
    Installation failed.
Flavor: r-oldrel-osx-x86_64