Last updated on 2023-01-28 01:50:16 CET.
Flavor | Version | Tinstall | Tcheck | Ttotal | Status | Flags |
---|---|---|---|---|---|---|
r-devel-linux-x86_64-debian-clang | 1.33.0 | 5.79 | 38.45 | 44.24 | NOTE | |
r-devel-linux-x86_64-debian-gcc | 1.33.0 | 4.27 | 29.69 | 33.96 | NOTE | |
r-devel-linux-x86_64-fedora-clang | 1.33.0 | 59.08 | NOTE | |||
r-devel-linux-x86_64-fedora-gcc | 1.33.0 | 56.04 | NOTE | |||
r-devel-windows-x86_64 | 1.33.0 | 19.00 | 72.00 | 91.00 | NOTE | |
r-patched-linux-x86_64 | 1.33.0 | 5.64 | 36.27 | 41.91 | OK | |
r-release-linux-x86_64 | 1.33.0 | 4.39 | 36.64 | 41.03 | OK | |
r-release-macos-arm64 | 1.33.0 | 18.00 | OK | |||
r-release-macos-x86_64 | 1.33.0 | 28.00 | OK | |||
r-release-windows-x86_64 | 1.33.0 | 19.00 | 114.00 | 133.00 | OK | |
r-oldrel-macos-arm64 | 1.33.0 | 25.00 | OK | |||
r-oldrel-macos-x86_64 | 1.33.0 | 37.00 | OK | |||
r-oldrel-windows-ix86+x86_64 | 1.33.0 | 12.00 | 134.00 | 146.00 | OK |
Version: 1.33.0
Check: Rd files
Result: NOTE
checkRd: (-1) mvr.Rd:113: Escaped LaTeX specials: \#
checkRd: (-1) mvr.Rd:115: Escaped LaTeX specials: \#
Flavors: r-devel-linux-x86_64-debian-clang, r-devel-linux-x86_64-debian-gcc, r-devel-linux-x86_64-fedora-clang, r-devel-linux-x86_64-fedora-gcc, r-devel-windows-x86_64