CRAN Package Check Results for Package MVR

Last updated on 2024-05-24 07:59:54 CEST.

Flavor Version Tinstall Tcheck Ttotal Status Flags
r-devel-linux-x86_64-debian-clang 1.33.0 6.55 38.97 45.52 NOTE
r-devel-linux-x86_64-debian-gcc 1.33.0 4.40 30.31 34.71 NOTE
r-devel-linux-x86_64-fedora-clang 1.33.0 56.76 NOTE
r-devel-linux-x86_64-fedora-gcc 1.33.0 55.38 NOTE
r-devel-windows-x86_64 1.33.0 7.00 61.00 68.00 NOTE
r-patched-linux-x86_64 1.33.0 6.04 37.82 43.86 NOTE
r-release-linux-x86_64 1.33.0 5.71 38.76 44.47 NOTE
r-release-macos-arm64 1.33.0 20.00 NOTE
r-release-windows-x86_64 1.33.0 7.00 62.00 69.00 NOTE
r-oldrel-macos-arm64 1.33.0 23.00 NOTE
r-oldrel-macos-x86_64 1.33.0 31.00 NOTE
r-oldrel-windows-x86_64 1.33.0 7.00 62.00 69.00 NOTE

Check Details

Version: 1.33.0
Check: Rd files
Result: NOTE checkRd: (-1) cluster.diagnostic.Rd:35: Lost braces; missing escapes or markup? 35 | Defaults to 2. (Normally 1 or 2. Degree 0 is also allowed, but see the "Note" in loess {stats} package.)} | ^ checkRd: (-1) cluster.diagnostic.Rd:36: Lost braces; missing escapes or markup? 36 | \item{family}{Family distribution in {"gaussian", "symmetric"} of the \code{loess()} function (R package \pkg{stats}), used for local fitting . | ^ checkRd: (-1) mvr.Rd:108: Lost braces 108 | \item membership {\code{numeric} \code{vector} of cluster membership of each variable} | ^ checkRd: (-1) mvr.Rd:109: Lost braces 109 | \item nc {Positive \code{integer} scalar of number of clusters found in optimal cluster configuration} | ^ checkRd: (-1) mvr.Rd:110: Lost braces 110 | \item gap {\code{numeric} \code{vector} of the similarity statistic values} | ^ checkRd: (-1) mvr.Rd:111: Lost braces 111 | \item sde {\code{numeric} \code{vector} of the standard errors of the similarity statistic values} | ^ checkRd: (-1) mvr.Rd:112-113: Lost braces 112 | \item mu.std {\code{numeric} \code{matrix} (\code{K} x p) of the vector of standardized means by groups (rows), | ^ checkRd: (-1) mvr.Rd:113: Escaped LaTeX specials: \# checkRd: (-1) mvr.Rd:114-115: Lost braces 114 | \item sd.std {\code{numeric} \code{matrix} (\code{K} x p) of the vector of standardized standard deviations by groups (rows), | ^ checkRd: (-1) mvr.Rd:115: Escaped LaTeX specials: \# checkRd: (-1) mvr.Rd:116: Lost braces 116 | \item mu.quant {\code{numeric} \code{matrix} (\code{nc.max} - \code{nc.min} + 1) x (length(\code{probs})) of quantiles of means} | ^ checkRd: (-1) mvr.Rd:117: Lost braces 117 | \item sd.quant {\code{numeric} \code{matrix} (\code{nc.max} - \code{nc.min} + 1) x (length(\code{probs})) of quantiles of standard deviations} | ^ checkRd: (-1) stabilization.diagnostic.Rd:31: Lost braces; missing escapes or markup? 31 | Defaults to 2. (Normally 1 or 2. Degree 0 is also allowed, but see the "Note" in loess {stats} package.)} | ^ checkRd: (-1) stabilization.diagnostic.Rd:32: Lost braces; missing escapes or markup? 32 | \item{family}{Family distribution in {"gaussian", "symmetric"} of the \code{loess()} function (R package \pkg{stats}), used for local fitting . | ^ Flavors: r-devel-linux-x86_64-debian-clang, r-devel-linux-x86_64-debian-gcc, r-devel-linux-x86_64-fedora-clang, r-devel-linux-x86_64-fedora-gcc, r-devel-windows-x86_64, r-patched-linux-x86_64, r-release-linux-x86_64, r-release-macos-arm64, r-release-windows-x86_64

Version: 1.33.0
Check: Rd files
Result: NOTE checkRd: (-1) mvr.Rd:113: Escaped LaTeX specials: \# checkRd: (-1) mvr.Rd:115: Escaped LaTeX specials: \# Flavors: r-oldrel-macos-arm64, r-oldrel-macos-x86_64, r-oldrel-windows-x86_64