CRAN Package Check Results for Package MarginalMediation

Last updated on 2020-03-29 00:47:24 CET.

Flavor Version Tinstall Tcheck Ttotal Status Flags
r-devel-linux-x86_64-debian-clang 0.7.0 OK
r-devel-linux-x86_64-debian-gcc 0.7.0 4.55 70.11 74.66 OK
r-devel-linux-x86_64-fedora-clang 0.7.0 122.61 NOTE
r-devel-linux-x86_64-fedora-gcc 0.7.0 112.16 NOTE
r-devel-windows-ix86+x86_64 0.7.0 16.00 96.00 112.00 OK
r-devel-windows-ix86+x86_64-gcc8 0.7.0 15.00 103.00 118.00 OK
r-patched-linux-x86_64 0.7.0 4.95 91.59 96.54 OK
r-patched-solaris-x86 0.7.0 174.60 NOTE
r-release-linux-x86_64 0.7.0 3.78 83.12 86.90 OK
r-release-windows-ix86+x86_64 0.7.0 16.00 138.00 154.00 OK
r-release-osx-x86_64 0.7.0 NOTE
r-oldrel-windows-ix86+x86_64 0.7.0 13.00 144.00 157.00 OK
r-oldrel-osx-x86_64 0.7.0 NOTE

Check Details

Version: 0.7.0
Check: dependencies in R code
Result: NOTE
    Namespace in Imports field not imported from: ‘betareg’
     All declared Imports should be used.
Flavors: r-devel-linux-x86_64-fedora-clang, r-devel-linux-x86_64-fedora-gcc, r-patched-solaris-x86, r-release-osx-x86_64, r-oldrel-osx-x86_64