CRAN Package Check Results for Package MazamaSpatialUtils

Last updated on 2024-06-13 06:58:08 CEST.

Flavor Version Tinstall Tcheck Ttotal Status Flags
r-devel-linux-x86_64-debian-clang 0.8.6 8.37 117.42 125.79 OK
r-devel-linux-x86_64-debian-gcc 0.8.6 0.63 1.88 2.51 ERROR
r-devel-linux-x86_64-fedora-clang 0.8.6 157.51 NOTE
r-devel-linux-x86_64-fedora-gcc 0.8.6 170.87 NOTE
r-devel-windows-x86_64 0.8.6 9.00 119.00 128.00 OK
r-patched-linux-x86_64 0.8.6 7.27 115.01 122.28 OK
r-release-linux-x86_64 0.8.6 5.35 117.13 122.48 OK
r-release-macos-arm64 0.8.6 57.00 OK
r-release-macos-x86_64 0.8.6 86.00 OK
r-release-windows-x86_64 0.8.6 9.00 118.00 127.00 OK
r-oldrel-macos-arm64 0.8.6 81.00 OK
r-oldrel-macos-x86_64 0.8.6 116.00 OK
r-oldrel-windows-x86_64 0.8.6 11.00 141.00 152.00 OK

Check Details

Version: 0.8.6
Check: package dependencies
Result: ERROR Packages required but not available: 'dplyr', 'MazamaCoreUtils', 'rmapshaper', 'stringr' Packages suggested but not available for checking: 'readr', 'testthat' See section ‘The DESCRIPTION file’ in the ‘Writing R Extensions’ manual. Flavor: r-devel-linux-x86_64-debian-gcc

Version: 0.8.6
Check: data for non-ASCII characters
Result: NOTE Note: found 54 marked UTF-8 strings Flavors: r-devel-linux-x86_64-fedora-clang, r-devel-linux-x86_64-fedora-gcc