Last updated on 2021-01-23 00:48:43 CET.
Flavor | Version | Tinstall | Tcheck | Ttotal | Status | Flags |
---|---|---|---|---|---|---|
r-devel-linux-x86_64-debian-clang | 0.5.0 | 25.43 | 191.93 | 217.36 | OK | |
r-devel-linux-x86_64-debian-gcc | 0.5.0 | 21.99 | 145.55 | 167.54 | OK | |
r-devel-linux-x86_64-fedora-clang | 0.5.0 | 276.08 | OK | |||
r-devel-linux-x86_64-fedora-gcc | 0.5.0 | 259.56 | OK | |||
r-devel-windows-ix86+x86_64 | 0.5.0 | 49.00 | 248.00 | 297.00 | OK | |
r-patched-linux-x86_64 | 0.5.0 | 22.10 | 180.56 | 202.66 | OK | |
r-patched-solaris-x86 | 0.5.0 | 347.40 | OK | |||
r-release-linux-x86_64 | 0.5.0 | 26.27 | 178.25 | 204.52 | OK | |
r-release-macos-x86_64 | 0.5.0 | OK | ||||
r-release-windows-ix86+x86_64 | 0.5.0 | 48.00 | 235.00 | 283.00 | OK | |
r-oldrel-macos-x86_64 | 0.5.0 | ERROR | ||||
r-oldrel-windows-ix86+x86_64 | 0.5.0 | 29.00 | 148.00 | 177.00 | ERROR |
Version: 0.5.0
Check: examples
Result: ERROR
Running examples in ‘MendelianRandomization-Ex.R’ failed
The error most likely occurred in:
> ### Name: mr_forest
> ### Title: Draw a forest plot of causal estimates
> ### Aliases: mr_forest mr_forest,MRInput-method
>
> ### ** Examples
>
> mr_forest(mr_input(bx = ldlc, bxse = ldlcse, by = chdlodds, byse = chdloddsse),
+ alpha = 0.01, ordered = TRUE)
Error in `levels<-`(`*tmp*`, value = as.character(levels)) :
factor level [13] is duplicated
Calls: mr_forest -> mr_forest -> factor
Execution halted
Flavors: r-oldrel-macos-x86_64, r-oldrel-windows-ix86+x86_64