CRAN Package Check Results for Package MetaClean

Last updated on 2021-11-29 00:48:33 CET.

Flavor Version Tinstall Tcheck Ttotal Status Flags
r-devel-linux-x86_64-debian-clang 1.0.0 OK
r-devel-linux-x86_64-debian-gcc 1.0.0 39.00 300.91 339.91 OK
r-devel-linux-x86_64-fedora-clang 1.0.0 563.44 NOTE
r-devel-linux-x86_64-fedora-gcc 1.0.0 562.11 NOTE
r-devel-windows-x86_64-new-UL 1.0.0 74.00 438.00 512.00 OK
r-devel-windows-x86_64-new-TK 1.0.0 NOTE
r-devel-windows-x86_64-old 1.0.0 58.00 381.00 439.00 OK
r-patched-linux-x86_64 1.0.0 41.83 378.04 419.87 OK
r-release-linux-x86_64 1.0.0 45.21 387.55 432.76 OK
r-release-macos-arm64 1.0.0 NOTE
r-release-macos-x86_64 1.0.0 ERROR
r-release-windows-ix86+x86_64 1.0.0 108.00 439.00 547.00 OK
r-oldrel-macos-x86_64 1.0.0 NOTE
r-oldrel-windows-ix86+x86_64 1.0.0 107.00 435.00 542.00 OK

Check Details

Version: 1.0.0
Check: dependencies in R code
Result: NOTE
    Namespaces in Imports field not imported from:
     ‘BiocStyle’ ‘Rgraphviz’ ‘fastAdaboost’ ‘graph’ ‘kernlab’ ‘klaR’
     ‘knitr’ ‘randomForest’ ‘reshape2’ ‘rpart’ ‘tools’
     All declared Imports should be used.
Flavors: r-devel-linux-x86_64-fedora-clang, r-devel-linux-x86_64-fedora-gcc, r-devel-windows-x86_64-new-TK, r-release-macos-arm64, r-oldrel-macos-x86_64

Version: 1.0.0
Check: whether package can be installed
Result: ERROR
    Installation failed.
Flavor: r-release-macos-x86_64