CRAN Package Check Results for Package MetaDBparse

Last updated on 2021-01-26 00:47:44 CET.

Flavor Version Tinstall Tcheck Ttotal Status Flags
r-devel-linux-x86_64-debian-clang 1.0.0 14.16 110.20 124.36 OK
r-devel-linux-x86_64-debian-gcc 1.0.0 11.52 82.17 93.69 OK
r-devel-linux-x86_64-fedora-clang 1.0.0 154.75 NOTE
r-devel-linux-x86_64-fedora-gcc 1.0.0 150.74 NOTE
r-devel-windows-ix86+x86_64 1.0.0 30.00 137.00 167.00 OK
r-patched-linux-x86_64 1.0.0 10.03 101.32 111.35 OK
r-release-linux-x86_64 1.0.0 13.60 101.33 114.93 OK
r-release-macos-x86_64 1.0.0 ERROR
r-release-windows-ix86+x86_64 1.0.0 29.00 103.00 132.00 OK
r-oldrel-macos-x86_64 1.0.0 ERROR
r-oldrel-windows-ix86+x86_64 1.0.0 21.00 132.00 153.00 OK

Check Details

Version: 1.0.0
Check: package dependencies
Result: NOTE
    Imports includes 29 non-default packages.
    Importing from so many packages makes the package vulnerable to any of
    them becoming unavailable. Move as many as possible to Suggests and
    use conditionally.
Flavor: r-devel-linux-x86_64-fedora-clang

Version: 1.0.0
Check: dependencies in R code
Result: NOTE
    Namespace in Imports field not imported from: ‘pacman’
     All declared Imports should be used.
Flavors: r-devel-linux-x86_64-fedora-clang, r-devel-linux-x86_64-fedora-gcc

Version: 1.0.0
Check: package dependencies
Result: ERROR
    Packages required but not available: 'KEGGREST', 'ChemmineR', 'Rdisop'
    
    See section ‘The DESCRIPTION file’ in the ‘Writing R Extensions’
    manual.
Flavor: r-release-macos-x86_64

Version: 1.0.0
Check: package dependencies
Result: ERROR
    Package required but not available: ‘ChemmineR’
    
    See section ‘The DESCRIPTION file’ in the ‘Writing R Extensions’
    manual.
Flavor: r-oldrel-macos-x86_64