CRAN Package Check Results for Package Metatron

Last updated on 2020-07-13 01:48:51 CEST.

Flavor Version Tinstall Tcheck Ttotal Status Flags
r-devel-linux-x86_64-debian-clang 0.1-1 9.89 78.60 88.49 NOTE
r-devel-linux-x86_64-debian-gcc 0.1-1 8.05 60.15 68.20 NOTE
r-devel-linux-x86_64-fedora-clang 0.1-1 115.82 NOTE
r-devel-linux-x86_64-fedora-gcc 0.1-1 111.90 NOTE
r-devel-windows-ix86+x86_64 0.1-1 16.00 117.00 133.00 NOTE
r-patched-linux-x86_64 0.1-1 7.06 76.89 83.95 NOTE
r-patched-solaris-x86 0.1-1 162.40 NOTE
r-release-linux-x86_64 0.1-1 9.82 78.31 88.13 NOTE
r-release-macos-x86_64 0.1-1 NOTE
r-release-windows-ix86+x86_64 0.1-1 27.00 85.00 112.00 NOTE
r-oldrel-macos-x86_64 0.1-1 NOTE
r-oldrel-windows-ix86+x86_64 0.1-1 22.00 84.00 106.00 NOTE

Check Details

Version: 0.1-1
Check: R code for possible problems
Result: NOTE
    fit.bivar: no visible binding for global variable 'binomial'
    summary.fit.bivar: no visible global function definition for 'qt'
    summary.fit.bivar: no visible global function definition for 'pt'
    Undefined global functions or variables:
     binomial pt qt
    Consider adding
     importFrom("stats", "binomial", "pt", "qt")
    to your NAMESPACE file.
Flavors: r-devel-linux-x86_64-debian-clang, r-devel-linux-x86_64-debian-gcc, r-devel-linux-x86_64-fedora-clang, r-devel-linux-x86_64-fedora-gcc, r-devel-windows-ix86+x86_64, r-patched-linux-x86_64, r-patched-solaris-x86, r-release-linux-x86_64, r-release-macos-x86_64, r-release-windows-ix86+x86_64, r-oldrel-macos-x86_64, r-oldrel-windows-ix86+x86_64