CRAN Package Check Results for Package Metatron

Last updated on 2020-04-09 01:53:17 CEST.

Flavor Version Tinstall Tcheck Ttotal Status Flags
r-devel-linux-x86_64-debian-clang 0.1-1 9.08 77.32 86.40 NOTE
r-devel-linux-x86_64-debian-gcc 0.1-1 7.76 59.53 67.29 NOTE
r-devel-linux-x86_64-fedora-clang 0.1-1 102.88 NOTE
r-devel-linux-x86_64-fedora-gcc 0.1-1 106.49 NOTE
r-devel-windows-ix86+x86_64 0.1-1 18.00 92.00 110.00 NOTE
r-devel-windows-ix86+x86_64-gcc8 0.1-1 16.00 96.00 112.00 NOTE
r-patched-linux-x86_64 0.1-1 8.79 76.43 85.22 NOTE
r-patched-solaris-x86 0.1-1 161.70 NOTE
r-release-linux-x86_64 0.1-1 7.47 69.88 77.35 NOTE
r-release-windows-ix86+x86_64 0.1-1 16.00 123.00 139.00 NOTE
r-release-osx-x86_64 0.1-1 NOTE
r-oldrel-windows-ix86+x86_64 0.1-1 14.00 119.00 133.00 NOTE
r-oldrel-osx-x86_64 0.1-1 NOTE

Check Details

Version: 0.1-1
Check: R code for possible problems
Result: NOTE
    fit.bivar: no visible binding for global variable 'binomial'
    summary.fit.bivar: no visible global function definition for 'qt'
    summary.fit.bivar: no visible global function definition for 'pt'
    Undefined global functions or variables:
     binomial pt qt
    Consider adding
     importFrom("stats", "binomial", "pt", "qt")
    to your NAMESPACE file.
Flavors: r-devel-linux-x86_64-debian-clang, r-devel-linux-x86_64-debian-gcc, r-devel-linux-x86_64-fedora-clang, r-devel-linux-x86_64-fedora-gcc, r-devel-windows-ix86+x86_64, r-devel-windows-ix86+x86_64-gcc8, r-patched-linux-x86_64, r-patched-solaris-x86, r-release-linux-x86_64, r-release-windows-ix86+x86_64, r-release-osx-x86_64, r-oldrel-windows-ix86+x86_64, r-oldrel-osx-x86_64