CRAN Package Check Results for Package MiSPU

Last updated on 2020-07-11 02:09:27 CEST.

Flavor Version Tinstall Tcheck Ttotal Status Flags
r-devel-linux-x86_64-debian-clang 1.0 38.08 92.11 130.19 OK
r-devel-linux-x86_64-debian-gcc 1.0 32.38 70.59 102.97 OK
r-devel-linux-x86_64-fedora-clang 1.0 176.47 NOTE
r-devel-linux-x86_64-fedora-gcc 1.0 162.73 NOTE
r-devel-windows-ix86+x86_64 1.0 80.00 199.00 279.00 OK
r-patched-linux-x86_64 1.0 34.14 91.14 125.28 OK
r-patched-solaris-x86 1.0 218.40 OK
r-release-linux-x86_64 1.0 34.73 91.57 126.30 OK
r-release-osx-x86_64 1.0 OK
r-release-windows-ix86+x86_64 1.0 72.00 155.00 227.00 OK
r-oldrel-osx-x86_64 1.0 OK
r-oldrel-windows-ix86+x86_64 1.0 102.00 183.00 285.00 OK

Check Details

Version: 1.0
Check: compiled code
Result: NOTE
    File ‘MiSPU/libs/MiSPU.so’:
     Found no calls to: ‘R_registerRoutines’, ‘R_useDynamicSymbols’
    
    It is good practice to register native routines and to disable symbol
    search.
    
    See ‘Writing portable packages’ in the ‘Writing R Extensions’ manual.
Flavors: r-devel-linux-x86_64-fedora-clang, r-devel-linux-x86_64-fedora-gcc