CRAN Package Check Results for Package MiST

Last updated on 2020-02-17 00:49:17 CET.

Flavor Version Tinstall Tcheck Ttotal Status Flags
r-devel-linux-x86_64-debian-clang 1.0 2.01 40.06 42.07 NOTE
r-devel-linux-x86_64-debian-gcc 1.0 1.76 32.68 34.44 NOTE
r-devel-linux-x86_64-fedora-clang 1.0 54.89 NOTE
r-devel-windows-ix86+x86_64 1.0 5.00 61.00 66.00 NOTE
r-devel-windows-ix86+x86_64-gcc8 1.0 6.00 70.00 76.00 NOTE
r-patched-linux-x86_64 1.0 1.81 39.36 41.17 NOTE
r-patched-solaris-x86 1.0 119.40 NOTE
r-release-linux-x86_64 1.0 1.42 39.52 40.94 NOTE
r-release-windows-ix86+x86_64 1.0 4.00 65.00 69.00 NOTE
r-release-osx-x86_64 1.0 NOTE
r-oldrel-windows-ix86+x86_64 1.0 3.00 49.00 52.00 NOTE
r-oldrel-osx-x86_64 1.0 NOTE

Check Details

Version: 1.0
Check: dependencies in R code
Result: NOTE
    'library' or 'require' call to 'CompQuadForm' which was already attached by Depends.
     Please remove these calls from your code.
Flavors: r-devel-linux-x86_64-debian-clang, r-devel-linux-x86_64-debian-gcc, r-devel-linux-x86_64-fedora-clang, r-devel-windows-ix86+x86_64, r-devel-windows-ix86+x86_64-gcc8, r-patched-linux-x86_64, r-patched-solaris-x86, r-release-linux-x86_64, r-release-windows-ix86+x86_64, r-release-osx-x86_64, r-oldrel-windows-ix86+x86_64, r-oldrel-osx-x86_64

Version: 1.0
Check: R code for possible problems
Result: NOTE
    linear.test: no visible global function definition for 'lm'
    linear.test: no visible global function definition for 'pchisq'
    linear.weight.test: no visible global function definition for 'lm'
    linear.weight.test: no visible global function definition for 'dbeta'
    linear.weight.test: no visible global function definition for 'pchisq'
    logit.test: no visible global function definition for 'glm'
    logit.test: no visible global function definition for 'binomial'
    logit.test: no visible binding for global variable 'logit'
    logit.test: no visible global function definition for 'pchisq'
    logit.weight.test: no visible global function definition for 'glm'
    logit.weight.test: no visible global function definition for 'binomial'
    logit.weight.test: no visible binding for global variable 'logit'
    logit.weight.test: no visible global function definition for 'dbeta'
    logit.weight.test: no visible global function definition for 'pchisq'
    Undefined global functions or variables:
     binomial dbeta glm lm logit pchisq
    Consider adding
     importFrom("stats", "binomial", "dbeta", "glm", "lm", "pchisq")
    to your NAMESPACE file.
Flavors: r-devel-linux-x86_64-debian-clang, r-devel-linux-x86_64-debian-gcc, r-devel-linux-x86_64-fedora-clang, r-devel-windows-ix86+x86_64, r-devel-windows-ix86+x86_64-gcc8, r-patched-linux-x86_64, r-patched-solaris-x86, r-release-linux-x86_64, r-release-windows-ix86+x86_64, r-release-osx-x86_64, r-oldrel-windows-ix86+x86_64, r-oldrel-osx-x86_64