Last updated on 2023-03-23 06:52:26 CET.
Flavor | Version | Tinstall | Tcheck | Ttotal | Status | Flags |
---|---|---|---|---|---|---|
r-devel-linux-x86_64-debian-clang | 0.1.0 | 5.12 | 365.32 | 370.44 | OK | |
r-devel-linux-x86_64-debian-gcc | 0.1.0 | 4.80 | 283.92 | 288.72 | OK | |
r-devel-linux-x86_64-fedora-clang | 0.1.0 | 470.33 | NOTE | |||
r-devel-linux-x86_64-fedora-gcc | 0.1.0 | 468.32 | NOTE | |||
r-devel-windows-x86_64 | 0.1.0 | 26.00 | 395.00 | 421.00 | OK | |
r-patched-linux-x86_64 | 0.1.0 | 5.05 | 362.12 | 367.17 | OK | |
r-release-linux-x86_64 | 0.1.0 | 5.51 | 370.16 | 375.67 | OK | |
r-release-macos-arm64 | 0.1.0 | 138.00 | NOTE | |||
r-release-macos-x86_64 | 0.1.0 | 376.00 | NOTE | |||
r-release-windows-x86_64 | 0.1.0 | 25.00 | 377.00 | 402.00 | OK | |
r-oldrel-macos-arm64 | 0.1.0 | 142.00 | NOTE | |||
r-oldrel-macos-x86_64 | 0.1.0 | 252.00 | NOTE | |||
r-oldrel-windows-ix86+x86_64 | 0.1.0 | 12.00 | 382.00 | 394.00 | NOTE |
Version: 0.1.0
Check: package dependencies
Result: NOTE
Packages suggested but not available for checking:
'karyoploteR', 'regioneR'
Flavors: r-devel-linux-x86_64-fedora-clang, r-devel-linux-x86_64-fedora-gcc, r-release-macos-arm64, r-oldrel-macos-arm64
Version: 0.1.0
Check: package dependencies
Result: NOTE
Package suggested but not available for checking: ‘karyoploteR’
Flavors: r-release-macos-x86_64, r-oldrel-macos-x86_64
Version: 0.1.0
Check: dependencies in R code
Result: NOTE
Initiating curl with CURL_SSL_BACKEND: openssl
Flavor: r-oldrel-windows-ix86+x86_64