CRAN Package Check Results for Package MittagLeffleR

Last updated on 2021-07-27 01:50:52 CEST.

Flavor Version Tinstall Tcheck Ttotal Status Flags
r-devel-linux-x86_64-debian-clang 0.3.0 2.53 83.29 85.82 NOTE
r-devel-linux-x86_64-debian-gcc 0.3.0 2.05 61.56 63.61 NOTE
r-devel-linux-x86_64-fedora-clang 0.3.0 108.66 NOTE
r-devel-linux-x86_64-fedora-gcc 0.3.0 101.31 NOTE
r-devel-windows-x86_64 0.3.0 5.00 136.00 141.00 NOTE
r-devel-windows-x86_64-gcc10-UCRT 0.3.0 NOTE
r-patched-linux-x86_64 0.3.0 2.53 79.84 82.37 NOTE
r-patched-solaris-x86 0.3.0 117.60 NOTE
r-release-linux-x86_64 0.3.0 2.21 79.45 81.66 NOTE
r-release-macos-arm64 0.3.0 NOTE
r-release-macos-x86_64 0.3.0 NOTE
r-release-windows-ix86+x86_64 0.3.0 6.00 94.00 100.00 NOTE
r-oldrel-macos-x86_64 0.3.0 OK
r-oldrel-windows-ix86+x86_64 0.3.0 6.00 136.00 142.00 OK

Check Details

Version: 0.3.0
Check: LazyData
Result: NOTE
     'LazyData' is specified without a 'data' directory
Flavors: r-devel-linux-x86_64-debian-clang, r-devel-linux-x86_64-debian-gcc, r-devel-linux-x86_64-fedora-clang, r-devel-linux-x86_64-fedora-gcc, r-devel-windows-x86_64, r-devel-windows-x86_64-gcc10-UCRT, r-patched-linux-x86_64, r-patched-solaris-x86, r-release-linux-x86_64, r-release-macos-arm64, r-release-macos-x86_64, r-release-windows-ix86+x86_64