CRAN Package Check Results for Package MixSIAR

Last updated on 2020-02-18 00:52:12 CET.

Flavor Version Tinstall Tcheck Ttotal Status Flags
r-devel-linux-x86_64-debian-clang 3.1.10 0.68 2.59 3.27 ERROR
r-devel-linux-x86_64-debian-gcc 3.1.10 6.89 80.30 87.19 OK
r-devel-linux-x86_64-fedora-clang 3.1.10 143.06 NOTE
r-devel-linux-x86_64-fedora-gcc 3.1.10 129.50 NOTE
r-devel-windows-ix86+x86_64 3.1.10 16.00 84.00 100.00 OK
r-devel-windows-ix86+x86_64-gcc8 3.1.10 29.00 117.00 146.00 OK
r-patched-linux-x86_64 3.1.10 8.09 93.73 101.82 OK
r-patched-solaris-x86 3.1.10 131.60 NOTE
r-release-linux-x86_64 3.1.10 7.68 93.11 100.79 OK
r-release-windows-ix86+x86_64 3.1.10 11.00 87.00 98.00 OK
r-release-osx-x86_64 3.1.10 ERROR
r-oldrel-windows-ix86+x86_64 3.1.10 10.00 84.00 94.00 OK
r-oldrel-osx-x86_64 3.1.10 ERROR

Check Details

Version: 3.1.10
Check: package dependencies
Result: ERROR
    Package required but not available: 'MCMCpack'
    
    See section 'The DESCRIPTION file' in the 'Writing R Extensions'
    manual.
Flavor: r-devel-linux-x86_64-debian-clang

Version: 3.1.10
Check: dependencies in R code
Result: NOTE
    Namespace in Imports field not imported from: ‘rjags’
     All declared Imports should be used.
Flavors: r-devel-linux-x86_64-fedora-clang, r-devel-linux-x86_64-fedora-gcc, r-patched-solaris-x86, r-release-osx-x86_64, r-oldrel-osx-x86_64

Version: 3.1.10
Check: package dependencies
Result: NOTE
    Package suggested but not available for checking: ‘gWidgetsRGtk2’
Flavors: r-release-osx-x86_64, r-oldrel-osx-x86_64

Version: 3.1.10
Check: examples
Result: ERROR
    Running examples in ‘MixSIAR-Ex.R’ failed
    The error most likely occurred in:
    
    > ### Name: mixsiar_gui
    > ### Title: Run the GUI version of MixSIAR
    > ### Aliases: mixsiar_gui
    >
    > ### ** Examples
    >
    > mixsiar_gui()
    Error in mixsiar_gui() :
     *** gWidgetsRGtk2 package not able to be loaded. ***
     If 'library('gWidgetsRGtk2')' does not work, MixSIAR GUI will not run.
     On Windows/Linux, try 'install.packages('gWidgetsRGtk2')'.
     On Mac, close R, download and install GTK+ from:
     http://r.research.att.com/#other. Then install latest X11 application
     (xQuartz) from http://xquartz.macosforge.org/landing/.
    
     If installing GTK+ continues to be problematic, consider using the
     script version of MixSIAR. See manual for help and examples.
    Execution halted
Flavors: r-release-osx-x86_64, r-oldrel-osx-x86_64