Last updated on 2023-12-04 07:51:05 CET.
Flavor | Version | Tinstall | Tcheck | Ttotal | Status | Flags |
---|---|---|---|---|---|---|
r-devel-linux-x86_64-debian-clang | 1.6.64 | 54.93 | 175.64 | 230.57 | NOTE | |
r-devel-linux-x86_64-debian-gcc | 1.6.64 | 45.74 | 123.19 | 168.93 | NOTE | |
r-devel-linux-x86_64-fedora-clang | 1.6.64 | 294.03 | NOTE | |||
r-devel-linux-x86_64-fedora-gcc | 1.6.64 | 281.89 | NOTE | |||
r-devel-windows-x86_64 | 1.6.64 | 44.00 | 144.00 | 188.00 | NOTE | |
r-patched-linux-x86_64 | 1.6.64 | 54.96 | 167.81 | 222.77 | NOTE | |
r-release-linux-x86_64 | 1.6.64 | 53.79 | 161.33 | 215.12 | NOTE | |
r-release-macos-arm64 | 1.6.64 | 71.00 | NOTE | |||
r-release-macos-x86_64 | 1.6.64 | 135.00 | NOTE | |||
r-release-windows-x86_64 | 1.6.64 | 47.00 | 173.00 | 220.00 | NOTE | |
r-oldrel-macos-arm64 | 1.6.64 | 66.00 | NOTE | |||
r-oldrel-macos-x86_64 | 1.6.64 | 86.00 | NOTE | |||
r-oldrel-windows-x86_64 | 1.6.64 | 61.00 | 160.00 | 221.00 | NOTE |
Version: 1.6.64
Check: package dependencies
Result: NOTE
Package suggested but not available for checking: ‘alstructure’
Packages which this enhances but not available for checking:
'miraculix', 'RandomFieldsUtils', 'MoBPSmaps'
Flavors: r-devel-linux-x86_64-debian-clang, r-devel-linux-x86_64-debian-gcc, r-devel-linux-x86_64-fedora-clang, r-devel-linux-x86_64-fedora-gcc, r-devel-windows-x86_64, r-patched-linux-x86_64, r-release-linux-x86_64, r-release-windows-x86_64, r-oldrel-windows-x86_64
Version: 1.6.64
Check: Rd files
Result: NOTE
checkRd: (-1) creating.phenotypic.transform.Rd:20: Lost braces
20 | trafo <- function(x){ return(x^2)}
| ^
Flavors: r-devel-linux-x86_64-debian-clang, r-devel-linux-x86_64-debian-gcc
Version: 1.6.64
Check: package dependencies
Result: NOTE
Packages suggested but not available for checking: 'doMPI', 'alstructure'
Packages which this enhances but not available for checking:
'miraculix', 'RandomFieldsUtils', 'MoBPSmaps'
Flavors: r-release-macos-arm64, r-release-macos-x86_64
Version: 1.6.64
Check: package dependencies
Result: NOTE
Packages suggested but not available for checking: 'doMPI', 'alstructure'
Package which this enhances but not available for checking: ‘MoBPSmaps’
Flavor: r-oldrel-macos-arm64
Version: 1.6.64
Check: package dependencies
Result: NOTE
Packages suggested but not available for checking: 'doMPI', 'alstructure'
Packages which this enhances but not available for checking:
'miraculix', 'MoBPSmaps'
Flavor: r-oldrel-macos-x86_64