CRAN Package Check Results for Package MobileTrigger

Last updated on 2021-07-24 01:50:09 CEST.

Flavor Version Tinstall Tcheck Ttotal Status Flags
r-devel-linux-x86_64-debian-clang 0.0.31 13.28 112.58 125.86 NOTE
r-devel-linux-x86_64-debian-gcc 0.0.31 11.60 84.81 96.41 NOTE
r-devel-linux-x86_64-fedora-clang 0.0.31 158.06 NOTE
r-devel-linux-x86_64-fedora-gcc 0.0.31 157.43 NOTE
r-devel-windows-x86_64 0.0.31 13.00 103.00 116.00 NOTE
r-devel-windows-x86_64-gcc10-UCRT 0.0.31 NOTE
r-patched-linux-x86_64 0.0.31 13.53 103.79 117.32 NOTE
r-patched-solaris-x86 0.0.31 206.70 NOTE
r-release-linux-x86_64 0.0.31 12.66 104.89 117.55 NOTE
r-release-macos-arm64 0.0.31 NOTE
r-release-macos-x86_64 0.0.31 NOTE
r-release-windows-ix86+x86_64 0.0.31 32.00 99.00 131.00 NOTE
r-oldrel-macos-x86_64 0.0.31 NOTE
r-oldrel-windows-ix86+x86_64 0.0.31 34.00 140.00 174.00 OK

Check Details

Version: 0.0.31
Check: LazyData
Result: NOTE
     'LazyData' is specified without a 'data' directory
Flavors: r-devel-linux-x86_64-debian-clang, r-devel-linux-x86_64-debian-gcc, r-devel-linux-x86_64-fedora-clang, r-devel-linux-x86_64-fedora-gcc, r-devel-windows-x86_64, r-devel-windows-x86_64-gcc10-UCRT, r-patched-linux-x86_64, r-patched-solaris-x86, r-release-linux-x86_64, r-release-macos-arm64, r-release-macos-x86_64, r-release-windows-ix86+x86_64

Version: 0.0.31
Check: dependencies in R code
Result: NOTE
    Namespace in Imports field not imported from: ‘ggplot2’
     All declared Imports should be used.
Flavors: r-devel-linux-x86_64-fedora-clang, r-devel-linux-x86_64-fedora-gcc, r-devel-windows-x86_64-gcc10-UCRT, r-patched-solaris-x86, r-release-macos-x86_64, r-oldrel-macos-x86_64