CRAN Package Check Results for Package Modelcharts

Last updated on 2022-06-30 01:49:13 CEST.

Flavor Version Tinstall Tcheck Ttotal Status Flags
r-devel-linux-x86_64-debian-clang 0.1.0 7.41 61.07 68.48 NOTE
r-devel-linux-x86_64-debian-gcc 0.1.0 5.30 46.37 51.67 NOTE
r-devel-linux-x86_64-fedora-clang 0.1.0 89.05 NOTE
r-devel-linux-x86_64-fedora-gcc 0.1.0 88.11 NOTE
r-devel-windows-x86_64 0.1.0 13.00 86.00 99.00 NOTE
r-patched-linux-x86_64 0.1.0 7.29 58.29 65.58 NOTE
r-release-linux-x86_64 0.1.0 6.07 57.66 63.73 NOTE
r-release-macos-arm64 0.1.0 26.00 NOTE
r-release-macos-x86_64 0.1.0 46.00 NOTE
r-release-windows-x86_64 0.1.0 20.00 80.00 100.00 NOTE
r-oldrel-macos-arm64 0.1.0 32.00 NOTE
r-oldrel-macos-x86_64 0.1.0 46.00 NOTE
r-oldrel-windows-ix86+x86_64 0.1.0 20.00 83.00 103.00 NOTE

Check Details

Version: 0.1.0
Check: LazyData
Result: NOTE
     'LazyData' is specified without a 'data' directory
Flavors: r-devel-linux-x86_64-debian-clang, r-devel-linux-x86_64-debian-gcc, r-devel-linux-x86_64-fedora-clang, r-devel-linux-x86_64-fedora-gcc, r-devel-windows-x86_64, r-patched-linux-x86_64, r-release-linux-x86_64, r-release-macos-arm64, r-release-macos-x86_64, r-release-windows-x86_64, r-oldrel-macos-arm64, r-oldrel-macos-x86_64, r-oldrel-windows-ix86+x86_64