CRAN Package Check Results for Package Momocs

Last updated on 2021-09-21 01:50:20 CEST.

Flavor Version Tinstall Tcheck Ttotal Status Flags
r-devel-linux-x86_64-debian-clang 1.3.2 26.37 248.28 274.65 OK
r-devel-linux-x86_64-debian-gcc 1.3.2 18.79 176.95 195.74 OK
r-devel-linux-x86_64-fedora-clang 1.3.2 323.04 OK
r-devel-linux-x86_64-fedora-gcc 1.3.2 309.39 OK
r-devel-windows-x86_64 1.3.2 27.00 256.00 283.00 OK
r-devel-windows-x86_64-gcc10-UCRT 1.3.2 ERROR
r-patched-linux-x86_64 1.3.2 36.50 230.77 267.27 OK
r-patched-solaris-x86 1.3.2 382.20 OK
r-release-linux-x86_64 1.3.2 23.23 228.82 252.05 OK
r-release-macos-arm64 1.3.2 OK
r-release-macos-x86_64 1.3.2 OK
r-release-windows-ix86+x86_64 1.3.2 44.00 338.00 382.00 OK
r-oldrel-macos-x86_64 1.3.2 OK
r-oldrel-windows-ix86+x86_64 1.3.2 45.00 345.00 390.00 OK

Check Details

Version: 1.3.2
Check: whether package can be installed
Result: WARN
    Found the following significant warnings:
     WARNING: installation-time patches will not be applied, could not get the patches index
Flavor: r-devel-windows-x86_64-gcc10-UCRT

Version: 1.3.2
Check: PDF version of manual
Result: WARN
    LaTeX errors when creating PDF version.
    This typically indicates Rd problems.
Flavor: r-devel-windows-x86_64-gcc10-UCRT

Version: 1.3.2
Check: PDF version of manual without hyperrefs or index
Result: ERROR
    Re-running with no redirection of stdout/stderr.
Flavor: r-devel-windows-x86_64-gcc10-UCRT