CRAN Package Check Results for Package Morpho

Last updated on 2022-01-28 00:49:01 CET.

Flavor Version Tinstall Tcheck Ttotal Status Flags
r-devel-linux-x86_64-debian-clang 2.9 267.44 201.15 468.59 OK
r-devel-linux-x86_64-debian-gcc 2.9 201.21 152.74 353.95 OK
r-devel-linux-x86_64-fedora-clang 2.9 651.84 NOTE
r-devel-linux-x86_64-fedora-gcc 2.9 587.74 OK
r-devel-windows-x86_64-new-UL 2.9 315.00 260.00 575.00 NOTE
r-devel-windows-x86_64-new-TK 2.9 NOTE
r-patched-linux-x86_64 2.9 223.15 189.58 412.73 OK
r-release-linux-x86_64 2.9 227.45 191.38 418.83 OK
r-release-macos-arm64 2.9 NOTE
r-release-macos-x86_64 2.9 NOTE
r-release-windows-ix86+x86_64 2.9 599.00 346.00 945.00 NOTE
r-oldrel-macos-x86_64 2.9 NOTE
r-oldrel-windows-ix86+x86_64 2.9 606.00 347.00 953.00 NOTE

Check Details

Version: 2.9
Check: installed package size
Result: NOTE
     installed size is 11.5Mb
     sub-directories of 1Mb or more:
     data 2.0Mb
     libs 7.8Mb
Flavors: r-devel-linux-x86_64-fedora-clang, r-devel-windows-x86_64-new-UL, r-release-macos-arm64, r-release-macos-x86_64, r-release-windows-ix86+x86_64, r-oldrel-macos-x86_64, r-oldrel-windows-ix86+x86_64

Version: 2.9
Check: package dependencies
Result: NOTE
    Package suggested but not available for checking: 'car'
Flavor: r-devel-windows-x86_64-new-TK