CRAN Package Check Results for Package MortalitySmooth

Last updated on 2020-09-21 02:49:29 CEST.

Flavor Version Tinstall Tcheck Ttotal Status Flags
r-devel-linux-x86_64-debian-clang 2.3.4 11.16 100.06 111.22 NOTE
r-devel-linux-x86_64-debian-gcc 2.3.4 8.96 77.89 86.85 NOTE
r-devel-linux-x86_64-fedora-clang 2.3.4 144.76 NOTE
r-devel-linux-x86_64-fedora-gcc 2.3.4 144.87 NOTE
r-devel-windows-ix86+x86_64 2.3.4 22.00 132.00 154.00 NOTE
r-patched-linux-x86_64 2.3.4 11.44 99.91 111.35 NOTE
r-patched-solaris-x86 2.3.4 202.70 NOTE
r-release-linux-x86_64 2.3.4 10.05 98.94 108.99 NOTE
r-release-macos-x86_64 2.3.4 NOTE
r-release-windows-ix86+x86_64 2.3.4 22.00 132.00 154.00 NOTE
r-oldrel-macos-x86_64 2.3.4 NOTE
r-oldrel-windows-ix86+x86_64 2.3.4 13.00 125.00 138.00 NOTE

Check Details

Version: 2.3.4
Check: R code for possible problems
Result: NOTE
    Mort1Dsmooth: no visible global function definition for 'time'
    Mort1Dsmooth: no visible global function definition for 'glm'
    Mort1Dsmooth: no visible binding for global variable 'poisson'
    Mort1Dsmooth_optimize: no visible global function definition for
     'median'
    Mort2Dsmooth: no visible global function definition for 'glm'
    Mort2Dsmooth: no visible binding for global variable 'poisson'
    Mort2Dsmooth: no visible global function definition for 'median'
    Mort2Dsmooth_optimize: no visible global function definition for
     'median'
    plot.Mort1Dsmooth: no visible global function definition for 'matplot'
    plot.Mort2Dsmooth: no visible global function definition for 'quantile'
    predict.Mort1Dsmooth: no visible global function definition for 'glm'
    predict.Mort1Dsmooth: no visible binding for global variable 'poisson'
    predict.Mort2Dsmooth: no visible global function definition for 'glm'
    predict.Mort2Dsmooth: no visible binding for global variable 'poisson'
    print.summary.Mort1Dsmooth: no visible global function definition for
     'quantile'
    print.summary.Mort2Dsmooth: no visible global function definition for
     'quantile'
    Undefined global functions or variables:
     glm matplot median poisson quantile time
    Consider adding
     importFrom("graphics", "matplot")
     importFrom("stats", "glm", "median", "poisson", "quantile", "time")
    to your NAMESPACE file.
Flavors: r-devel-linux-x86_64-debian-clang, r-devel-linux-x86_64-debian-gcc, r-devel-linux-x86_64-fedora-clang, r-devel-linux-x86_64-fedora-gcc, r-devel-windows-ix86+x86_64, r-patched-linux-x86_64, r-patched-solaris-x86, r-release-linux-x86_64, r-release-macos-x86_64, r-release-windows-ix86+x86_64

Version: 2.3.4
Check: R code for possible problems
Result: NOTE
    Mort1Dsmooth: no visible global function definition for ‘time’
    Mort1Dsmooth: no visible global function definition for ‘glm’
    Mort1Dsmooth: no visible binding for global variable ‘poisson’
    Mort1Dsmooth_optimize: no visible global function definition for
     ‘median’
    Mort2Dsmooth: no visible global function definition for ‘glm’
    Mort2Dsmooth: no visible binding for global variable ‘poisson’
    Mort2Dsmooth: no visible global function definition for ‘median’
    Mort2Dsmooth_optimize: no visible global function definition for
     ‘median’
    plot.HMDdata: no visible global function definition for ‘plot’
    plot.Mort1Dsmooth: no visible global function definition for ‘matplot’
    plot.Mort2Dsmooth: no visible global function definition for ‘quantile’
    predict.Mort1Dsmooth: no visible global function definition for ‘glm’
    predict.Mort1Dsmooth: no visible binding for global variable ‘poisson’
    predict.Mort2Dsmooth: no visible global function definition for ‘glm’
    predict.Mort2Dsmooth: no visible binding for global variable ‘poisson’
    print.summary.Mort1Dsmooth: no visible global function definition for
     ‘quantile’
    print.summary.Mort2Dsmooth: no visible global function definition for
     ‘quantile’
    Undefined global functions or variables:
     glm matplot median plot poisson quantile time
    Consider adding
     importFrom("graphics", "matplot", "plot")
     importFrom("stats", "glm", "median", "poisson", "quantile", "time")
    to your NAMESPACE file.
Flavors: r-oldrel-macos-x86_64, r-oldrel-windows-ix86+x86_64