CRAN Package Check Results for Package MortalityTables

Last updated on 2021-01-19 00:47:31 CET.

Flavor Version Tinstall Tcheck Ttotal Status Flags
r-devel-linux-x86_64-debian-clang 2.0.2 9.35 115.15 124.50 OK
r-devel-linux-x86_64-debian-gcc 2.0.2 7.10 84.24 91.34 OK
r-devel-linux-x86_64-fedora-clang 2.0.2 150.50 OK
r-devel-linux-x86_64-fedora-gcc 2.0.2 171.96 WARN
r-devel-windows-ix86+x86_64 2.0.2 15.00 102.00 117.00 OK
r-patched-linux-x86_64 2.0.2 10.50 105.93 116.43 OK
r-patched-solaris-x86 2.0.2 185.00 NOTE
r-release-linux-x86_64 2.0.2 9.06 106.71 115.77 OK
r-release-macos-x86_64 2.0.2 WARN
r-release-windows-ix86+x86_64 2.0.2 18.00 108.00 126.00 OK
r-oldrel-macos-x86_64 2.0.2 WARN
r-oldrel-windows-ix86+x86_64 2.0.2 15.00 133.00 148.00 OK

Check Details

Version: 2.0.2
Check: re-building of vignette outputs
Result: WARN
    Error(s) in re-building vignettes:
    --- re-building ‘international-mortality-tables-overview.Rmd’ using rmarkdown
    Quitting from lines 235-237 (international-mortality-tables-overview.Rmd)
    Error: processing vignette 'international-mortality-tables-overview.Rmd' failed with diagnostics:
    could not find function "whittaker"
    --- failed re-building ‘international-mortality-tables-overview.Rmd’
    
    --- re-building ‘using-the-mortalityTables-package.Rmd’ using rmarkdown
    Loading required package: ggplot2
    --- finished re-building ‘using-the-mortalityTables-package.Rmd’
    
    SUMMARY: processing the following file failed:
     ‘international-mortality-tables-overview.Rmd’
    
    Error: Vignette re-building failed.
    Execution halted
Flavor: r-devel-linux-x86_64-fedora-gcc

Version: 2.0.2
Check: installed package size
Result: NOTE
     installed size is 5.2Mb
     sub-directories of 1Mb or more:
     doc 3.1Mb
     extdata 1.3Mb
Flavor: r-patched-solaris-x86

Version: 2.0.2
Check: re-building of vignette outputs
Result: WARN
    Error(s) in re-building vignettes:
     ...
    --- re-building ‘international-mortality-tables-overview.Rmd’ using rmarkdown
    Warning in engine$weave(file, quiet = quiet, encoding = enc) :
     Pandoc (>= 1.12.3) and/or pandoc-citeproc not available. Falling back to R Markdown v1.
    Quitting from lines 302-305 (international-mortality-tables-overview.Rmd)
    Error: processing vignette 'international-mortality-tables-overview.Rmd' failed with diagnostics:
    object 'EttlPagler.male' not found
    --- failed re-building ‘international-mortality-tables-overview.Rmd’
    
    --- re-building ‘using-the-mortalityTables-package.Rmd’ using rmarkdown
    Warning in engine$weave(file, quiet = quiet, encoding = enc) :
     Pandoc (>= 1.12.3) and/or pandoc-citeproc not available. Falling back to R Markdown v1.
    Loading required package: ggplot2
    --- finished re-building ‘using-the-mortalityTables-package.Rmd’
    
    SUMMARY: processing the following file failed:
     ‘international-mortality-tables-overview.Rmd’
    
    Error: Vignette re-building failed.
    Execution halted
Flavors: r-release-macos-x86_64, r-oldrel-macos-x86_64