Last updated on 2023-02-07 00:54:23 CET.
Flavor | Version | Tinstall | Tcheck | Ttotal | Status | Flags |
---|---|---|---|---|---|---|
r-devel-linux-x86_64-debian-clang | 0.1.2 | 155.72 | 82.64 | 238.36 | NOTE | |
r-devel-linux-x86_64-debian-gcc | 0.1.2 | 117.34 | 60.21 | 177.55 | NOTE | |
r-devel-linux-x86_64-fedora-clang | 0.1.2 | 332.68 | NOTE | |||
r-devel-linux-x86_64-fedora-gcc | 0.1.2 | 306.62 | NOTE | |||
r-devel-windows-x86_64 | 0.1.2 | 124.00 | 131.00 | 255.00 | NOTE | |
r-patched-linux-x86_64 | 0.1.2 | 117.51 | 80.94 | 198.45 | OK | |
r-release-linux-x86_64 | 0.1.2 | 113.29 | 81.46 | 194.75 | OK | |
r-release-macos-arm64 | 0.1.2 | 78.00 | NOTE | |||
r-release-macos-x86_64 | 0.1.2 | 94.00 | NOTE | |||
r-release-windows-x86_64 | 0.1.2 | 116.00 | 142.00 | 258.00 | OK | |
r-oldrel-macos-arm64 | 0.1.2 | 258.00 | NOTE | |||
r-oldrel-macos-x86_64 | 0.1.2 | 112.00 | NOTE | |||
r-oldrel-windows-ix86+x86_64 | 0.1.2 | 348.00 | 144.00 | 492.00 | NOTE |
Version: 0.1.2
Check: C++ specification
Result: NOTE
Specified C++11: please update to current default of C++17
Flavors: r-devel-linux-x86_64-debian-clang, r-devel-linux-x86_64-debian-gcc, r-devel-linux-x86_64-fedora-clang, r-devel-linux-x86_64-fedora-gcc, r-devel-windows-x86_64
Version: 0.1.2
Check: installed package size
Result: NOTE
installed size is 8.5Mb
sub-directories of 1Mb or more:
doc 1.9Mb
libs 6.4Mb
Flavors: r-release-macos-arm64, r-release-macos-x86_64, r-oldrel-macos-arm64, r-oldrel-macos-x86_64, r-oldrel-windows-ix86+x86_64