CRAN Package Check Results for Package MsdeParEst

Last updated on 2022-01-16 01:07:07 CET.

Flavor Version Tinstall Tcheck Ttotal Status Flags
r-devel-linux-x86_64-debian-clang 1.7 13.12 102.01 115.13 OK
r-devel-linux-x86_64-debian-gcc 1.7 11.25 90.94 102.19 OK
r-devel-linux-x86_64-fedora-clang 1.7 143.88 NOTE
r-devel-linux-x86_64-fedora-gcc 1.7 138.27 NOTE
r-devel-windows-x86_64-new-UL 1.7 36.00 123.00 159.00 OK
r-devel-windows-x86_64-new-TK 1.7 NOTE
r-patched-linux-x86_64 1.7 14.08 101.02 115.10 OK
r-release-linux-x86_64 1.7 9.39 100.47 109.86 OK
r-release-macos-arm64 1.7 NOTE
r-release-macos-x86_64 1.7 NOTE
r-release-windows-ix86+x86_64 1.7 27.00 117.00 144.00 OK
r-oldrel-macos-x86_64 1.7 NOTE
r-oldrel-windows-ix86+x86_64 1.7 27.00 115.00 142.00 OK

Check Details

Version: 1.7
Check: dependencies in R code
Result: NOTE
    Namespaces in Imports field not imported from:
     ‘MASS’ ‘moments’ ‘mvtnorm’
     All declared Imports should be used.
Flavors: r-devel-linux-x86_64-fedora-clang, r-devel-linux-x86_64-fedora-gcc, r-devel-windows-x86_64-new-TK, r-release-macos-arm64, r-release-macos-x86_64, r-oldrel-macos-x86_64