Last updated on 2023-02-06 00:52:36 CET.
Flavor | Version | Tinstall | Tcheck | Ttotal | Status | Flags |
---|---|---|---|---|---|---|
r-devel-linux-x86_64-debian-clang | 1.3.30 | 44.69 | 279.04 | 323.73 | NOTE | |
r-devel-linux-x86_64-debian-gcc | 1.3.30 | 36.74 | 200.23 | 236.97 | NOTE | |
r-devel-linux-x86_64-fedora-clang | 1.3.30 | 418.18 | NOTE | |||
r-devel-linux-x86_64-fedora-gcc | 1.3.30 | 390.11 | NOTE | |||
r-devel-windows-x86_64 | 1.3.30 | 239.00 | 378.00 | 617.00 | NOTE | |
r-patched-linux-x86_64 | 1.3.30 | 41.62 | 249.74 | 291.36 | OK | |
r-release-linux-x86_64 | 1.3.30 | 37.40 | 253.36 | 290.76 | OK | |
r-release-macos-arm64 | 1.3.30 | 86.00 | NOTE | |||
r-release-macos-x86_64 | 1.3.30 | 157.00 | NOTE | |||
r-release-windows-x86_64 | 1.3.30 | 247.00 | 390.00 | 637.00 | OK | |
r-oldrel-macos-arm64 | 1.3.30 | 106.00 | NOTE | |||
r-oldrel-macos-x86_64 | 1.3.30 | 164.00 | NOTE | |||
r-oldrel-windows-ix86+x86_64 | 1.3.30 | 77.00 | 322.00 | 399.00 | OK |
Version: 1.3.30
Check: Rd files
Result: NOTE
checkRd: (-1) MultBiplotR-package.Rd:50: Escaped LaTeX specials: \&
checkRd: (-1) MultBiplotR-package.Rd:52: Escaped LaTeX specials: \&
Flavors: r-devel-linux-x86_64-debian-clang, r-devel-linux-x86_64-debian-gcc, r-devel-linux-x86_64-fedora-clang, r-devel-linux-x86_64-fedora-gcc, r-devel-windows-x86_64
Version: 1.3.30
Check: dependencies in R code
Result: NOTE
Namespace in Imports field not imported from: ‘polycor’
All declared Imports should be used.
Flavors: r-devel-linux-x86_64-fedora-clang, r-devel-linux-x86_64-fedora-gcc, r-release-macos-arm64, r-release-macos-x86_64, r-oldrel-macos-arm64, r-oldrel-macos-x86_64