CRAN Package Check Results for Package MultEq

Last updated on 2022-01-16 01:07:07 CET.

Flavor Version Tinstall Tcheck Ttotal Status Flags
r-devel-linux-x86_64-debian-clang 2.3 2.72 32.22 34.94 NOTE
r-devel-linux-x86_64-debian-gcc 2.3 2.17 28.02 30.19 NOTE
r-devel-linux-x86_64-fedora-clang 2.3 44.43 NOTE
r-devel-linux-x86_64-fedora-gcc 2.3 34.39 NOTE
r-devel-windows-x86_64-new-UL 2.3 16.00 51.00 67.00 NOTE
r-devel-windows-x86_64-new-TK 2.3 NOTE
r-patched-linux-x86_64 2.3 2.47 32.27 34.74 NOTE
r-release-linux-x86_64 2.3 2.48 31.91 34.39 NOTE
r-release-macos-arm64 2.3 NOTE
r-release-macos-x86_64 2.3 NOTE
r-release-windows-ix86+x86_64 2.3 6.00 42.00 48.00 NOTE
r-oldrel-macos-x86_64 2.3 NOTE
r-oldrel-windows-ix86+x86_64 2.3 6.00 40.00 46.00 NOTE

Check Details

Version: 2.3
Check: R code for possible problems
Result: NOTE
    multeq.diff: no visible global function definition for 'cov'
    multeq.diff: no visible global function definition for 'pt'
    multeq.diff: no visible global function definition for 'qt'
    multeq.rat: no visible global function definition for 'cov'
    multeq.rat: no visible global function definition for 'pt'
    multeq.rat: no visible global function definition for 'qt'
    Undefined global functions or variables:
     cov pt qt
    Consider adding
     importFrom("stats", "cov", "pt", "qt")
    to your NAMESPACE file.
Flavors: r-devel-linux-x86_64-debian-clang, r-devel-linux-x86_64-debian-gcc, r-devel-linux-x86_64-fedora-clang, r-devel-linux-x86_64-fedora-gcc, r-devel-windows-x86_64-new-UL, r-devel-windows-x86_64-new-TK, r-patched-linux-x86_64, r-release-linux-x86_64, r-release-macos-arm64, r-release-macos-x86_64, r-release-windows-ix86+x86_64, r-oldrel-macos-x86_64, r-oldrel-windows-ix86+x86_64