Last updated on 2023-02-07 00:54:23 CET.
Flavor | Version | Tinstall | Tcheck | Ttotal | Status | Flags |
---|---|---|---|---|---|---|
r-devel-linux-x86_64-debian-clang | 0.2.0 | 114.23 | 143.36 | 257.59 | NOTE | |
r-devel-linux-x86_64-debian-gcc | 0.2.0 | 81.88 | 109.51 | 191.39 | NOTE | |
r-devel-linux-x86_64-fedora-clang | 0.2.0 | 352.27 | NOTE | |||
r-devel-linux-x86_64-fedora-gcc | 0.2.0 | 349.69 | NOTE | |||
r-devel-windows-x86_64 | 0.2.0 | 98.00 | 187.00 | 285.00 | NOTE | |
r-patched-linux-x86_64 | 0.2.0 | 91.05 | 154.95 | 246.00 | OK | |
r-release-linux-x86_64 | 0.2.0 | 88.03 | 159.06 | 247.09 | OK | |
r-release-macos-arm64 | 0.2.0 | 71.00 | NOTE | |||
r-release-macos-x86_64 | 0.2.0 | 96.00 | NOTE | |||
r-release-windows-x86_64 | 0.2.0 | 114.00 | 199.00 | 313.00 | OK | |
r-oldrel-macos-arm64 | 0.2.0 | 102.00 | NOTE | |||
r-oldrel-macos-x86_64 | 0.2.0 | 155.00 | NOTE | |||
r-oldrel-windows-ix86+x86_64 | 0.2.0 | 276.00 | 190.00 | 466.00 | OK |
Version: 0.2.0
Check: C++ specification
Result: NOTE
Specified C++11: please update to current default of C++17
Flavors: r-devel-linux-x86_64-debian-clang, r-devel-linux-x86_64-debian-gcc, r-devel-linux-x86_64-fedora-clang, r-devel-linux-x86_64-fedora-gcc, r-devel-windows-x86_64
Version: 0.2.0
Check: compiled code
Result: NOTE
File ‘MultiBD/libs/MultiBD.so’:
Found no calls to: ‘R_registerRoutines’, ‘R_useDynamicSymbols’
It is good practice to register native routines and to disable symbol
search.
See ‘Writing portable packages’ in the ‘Writing R Extensions’ manual.
Flavors: r-devel-linux-x86_64-fedora-clang, r-devel-linux-x86_64-fedora-gcc
Version: 0.2.0
Check: installed package size
Result: NOTE
installed size is 6.4Mb
sub-directories of 1Mb or more:
libs 4.8Mb
Flavors: r-release-macos-arm64, r-release-macos-x86_64, r-oldrel-macos-arm64, r-oldrel-macos-x86_64