Last updated on 2023-11-28 07:53:09 CET.
Flavor | Version | Tinstall | Tcheck | Ttotal | Status | Flags |
---|---|---|---|---|---|---|
r-devel-linux-x86_64-debian-clang | 0.1.3 | 16.05 | 195.68 | 211.73 | NOTE | |
r-devel-linux-x86_64-debian-gcc | 0.1.3 | 12.27 | 145.45 | 157.72 | NOTE | |
r-devel-linux-x86_64-fedora-clang | 0.1.3 | 253.19 | NOTE | |||
r-devel-linux-x86_64-fedora-gcc | 0.1.3 | 131.52 | NOTE | |||
r-devel-windows-x86_64 | 0.1.3 | 14.00 | 163.00 | 177.00 | NOTE | |
r-patched-linux-x86_64 | 0.1.2 | 15.72 | 177.92 | 193.64 | NOTE | |
r-release-linux-x86_64 | 0.1.3 | 12.58 | 184.70 | 197.28 | NOTE | |
r-release-macos-arm64 | 0.1.3 | 49.00 | NOTE | |||
r-release-macos-x86_64 | 0.1.3 | 81.00 | NOTE | |||
r-release-windows-x86_64 | 0.1.3 | 17.00 | 208.00 | 225.00 | NOTE | |
r-oldrel-macos-arm64 | 0.1.3 | 50.00 | NOTE | |||
r-oldrel-macos-x86_64 | 0.1.2 | 96.00 | NOTE | |||
r-oldrel-windows-x86_64 | 0.1.3 | 20.00 | 201.00 | 221.00 | NOTE |
Version: 0.1.3
Check: package dependencies
Result: NOTE
Package suggested but not available for checking: ‘rrelaxiv’
Flavors: r-devel-linux-x86_64-debian-clang, r-devel-linux-x86_64-debian-gcc, r-devel-linux-x86_64-fedora-clang, r-devel-linux-x86_64-fedora-gcc, r-devel-windows-x86_64, r-release-linux-x86_64, r-release-macos-arm64, r-release-macos-x86_64, r-release-windows-x86_64, r-oldrel-macos-arm64, r-oldrel-windows-x86_64
Version: 0.1.3
Check: dependencies in R code
Result: NOTE
Namespaces in Imports field not imported from:
‘RCurl’ ‘fields’ ‘optmatch’ ‘rcbalance’ ‘utils’
All declared Imports should be used.
Flavors: r-devel-linux-x86_64-fedora-clang, r-devel-linux-x86_64-fedora-gcc
Version: 0.1.2
Check: package dependencies
Result: NOTE
Package suggested but not available for checking: ‘rrelaxiv’
Flavors: r-patched-linux-x86_64, r-oldrel-macos-x86_64